104.23.225.89 - - [06/Jul/2026:05:33:10 +0300] "GET /haber/Gulnar-Orman-isletme-Muduru-Karaca-AAnin-Yilin-Kareleri-oylamasina-katildi-10383 HTTP/1.1" 200 117299 "-" "Mozilla/5.0 (compatible; MJ12bot/v1.4.8; http://mj12bot.com/)"
104.22.101.15 - - [06/Jul/2026:05:33:11 +0300] "GET /haber/iskenderunda-1-temmuz-denizcilik-ve-kabotaj-bayrami-kutlandi-15554 HTTP/1.1" 200 115263 "-" "meta-externalagent/1.1 (+https://developers.facebook.com/docs/sharing/webmasters/crawler)"
104.23.211.203 - - [06/Jul/2026:05:33:12 +0300] "GET /haber/osmaniye-valisi-yilmaz-insani-yasat-ki-devlet-yasasin-25845 HTTP/1.1" 200 117221 "-" "Mozilla/5.0 (compatible; SemrushBot/7~bl; +http://www.semrush.com/bot.html)"
104.23.225.89 - - [06/Jul/2026:05:33:17 +0300] "GET /haber/Hatay-Buyuksehir-Belediye-Baskani-ve-CHP-adayi-Lutfu-Savastan-secime-iliskin-aciklama-12772 HTTP/1.1" 200 118552 "-" "Mozilla/5.0 (compatible; MJ12bot/v1.4.8; http://mj12bot.com/)"
104.23.225.89 - - [06/Jul/2026:05:33:19 +0300] "GET /haber/Hatayda-kacakcilik-operasyonunda-5-supheli-yakalandi-12429 HTTP/1.1" 200 115570 "-" "Mozilla/5.0 (compatible; MJ12bot/v1.4.8; http://mj12bot.com/)"
104.23.225.89 - - [06/Jul/2026:05:33:21 +0300] "GET /haber/Hatayda-konteyner-kentte-sinema-etkinligi-duzenlendi-17944 HTTP/1.1" 200 114348 "-" "Mozilla/5.0 (compatible; MJ12bot/v1.4.8; http://mj12bot.com/)"
104.23.225.89 - - [06/Jul/2026:05:33:23 +0300] "GET /haber/Hatayda-kumar-oynayan-6-kisiye-para-cezasi-verildi-15244 HTTP/1.1" 200 114585 "-" "Mozilla/5.0 (compatible; MJ12bot/v1.4.8; http://mj12bot.com/)"
172.69.223.183 - - [06/Jul/2026:05:33:25 +0300] "GET /editorler/haber-osmaniye-13?page=1 HTTP/1.1" 200 77500 "-" "Mozilla/5.0 (compatible; Barkrowler/0.9; +https://babbar.tech/crawler)"
172.70.43.173 - - [06/Jul/2026:05:33:27 +0300] "GET /haber/hatayda-4-bin-90-paket-kacak-sigara-ele-gecirildi-16949 HTTP/1.1" 200 113904 "-" "meta-externalagent/1.1 (+https://developers.facebook.com/docs/sharing/webmasters/crawler)"
104.22.100.78 - - [06/Jul/2026:05:33:28 +0300] "GET /haber/okude-yeni-rektor-yardimcilari-belli-oldu-23472 HTTP/1.1" 200 115821 "-" "Mozilla/5.0 (compatible; SemrushBot/7~bl; +http://www.semrush.com/bot.html)"
172.70.214.37 - - [06/Jul/2026:05:33:28 +0300] "GET /favicon.ico HTTP/1.1" 200 2378 "-" "Dalvik/2.1.0 (Linux; U; Android 9.0; ZTE BA520 Build/MRA58K)"
104.23.225.89 - - [06/Jul/2026:05:33:32 +0300] "GET /haber/Hatayda-yuk-treninin-carptigi-kisi-yaralandi-20924 HTTP/1.1" 200 114738 "-" "Mozilla/5.0 (compatible; MJ12bot/v1.4.8; http://mj12bot.com/)"
104.23.213.193 - - [06/Jul/2026:05:33:33 +0300] "GET /haber/alanyada-metruk-binada-cikan-yangin-sonduruldu-15061 HTTP/1.1" 200 114480 "-" "Mozilla/5.0 (compatible; SemrushBot/7~bl; +http://www.semrush.com/bot.html)"
104.23.225.89 - - [06/Jul/2026:05:33:34 +0300] "GET /haber/Mersin-Buyuksehir-Belediye-Baskani-Secer-vatandaslara-hitap-etti-12767 HTTP/1.1" 200 116417 "-" "Mozilla/5.0 (compatible; MJ12bot/v1.4.8; http://mj12bot.com/)"
104.23.225.89 - - [06/Jul/2026:05:33:37 +0300] "GET /haber/adanada-aracta-ari-kovanlarina-gizlenmis-53-kilo-600-gram-uyusturucu-ele-gecirildi-15104 HTTP/1.1" 200 116456 "-" "Mozilla/5.0 (compatible; MJ12bot/v1.4.8; http://mj12bot.com/)"
104.23.209.228 - - [06/Jul/2026:05:33:39 +0300] "GET /haber/saglik-bakani-kemal-memisoglu-osmaniye-valiligini-ziyaret-etti-17581 HTTP/1.1" 200 115639 "-" "meta-externalagent/1.1 (+https://developers.facebook.com/docs/sharing/webmasters/crawler)"
104.22.93.48 - - [06/Jul/2026:05:33:39 +0300] "GET /haber/osmaniyeli-ogrenciler-istanbulda-ayni-iftarda-bulusuyor-26591 HTTP/1.1" 200 116741 "-" "Mozilla/5.0 (compatible; SemrushBot/7~bl; +http://www.semrush.com/bot.html)"
172.68.151.79 - - [06/Jul/2026:05:33:41 +0300] "GET /editorler/haber-osmaniye-13?page=8 HTTP/1.1" 200 77164 "-" "Mozilla/5.0 (compatible; Barkrowler/0.9; +https://babbar.tech/crawler)"
172.70.38.232 - - [06/Jul/2026:05:33:42 +0300] "GET /haber/osmaniyede-teror-operasyonu-9997 HTTP/1.1" 200 115249 "-" "Mozilla/5.0 (compatible; SemrushBot/7~bl; +http://www.semrush.com/bot.html)"
104.22.101.15 - - [06/Jul/2026:05:33:42 +0300] "GET /haber/ipard-programindan-faydalanan-genc-girisimciler-artiyor-20426 HTTP/1.1" 200 119980 "-" "meta-externalagent/1.1 (+https://developers.facebook.com/docs/sharing/webmasters/crawler)"
104.22.100.76 - - [06/Jul/2026:05:33:44 +0300] "GET /haber/mersindeki-meslek-lisesi-yillik-50-milyon-lira-gelir-hedefliyor-14406 HTTP/1.1" 200 116805 "-" "meta-externalagent/1.1 (+https://developers.facebook.com/docs/sharing/webmasters/crawler)"
104.22.93.62 - - [06/Jul/2026:05:33:45 +0300] "GET /haber/ellek-beldesinde-yeni-dugun-salonu-insaati-hizla-ilerliyor-18489 HTTP/1.1" 200 116522 "-" "meta-externalagent/1.1 (+https://developers.facebook.com/docs/sharing/webmasters/crawler)"
162.159.115.26 - - [06/Jul/2026:05:33:45 +0300] "GET /haber/enkazdan-kurtarildiktan-sonra-9-ameliyat-geciren-rumeysa-desteksiz-adim-atmaya-basladi-12047 HTTP/1.1" 200 120364 "-" "Mozilla/5.0 AppleWebKit/537.36 (KHTML, like Gecko; compatible; ClaudeBot/1.0; +claudebot@anthropic.com)"
162.159.115.26 - - [06/Jul/2026:05:33:46 +0300] "GET /haber/adanada-traktorun-altinda-kalan-surucu-hayatini-kaybetti-20459 HTTP/1.1" 200 115675 "-" "Mozilla/5.0 AppleWebKit/537.36 (KHTML, like Gecko; compatible; ClaudeBot/1.0; +claudebot@anthropic.com)"
162.158.152.195 - - [06/Jul/2026:05:33:47 +0300] "GET /haber/kasta-yaylalari-sahile-baglayacak-lengume-koprusunun-tabliye-montaji-tamamlandi-10028 HTTP/1.1" 200 117732 "-" "Mozilla/5.0 (compatible; SemrushBot/7~bl; +http://www.semrush.com/bot.html)"
172.68.245.36 - - [06/Jul/2026:05:33:50 +0300] "GET /haber/osmaniyedeki-orman-yangini-kontrol-altina-alindi-17790 HTTP/1.1" 200 113649 "-" "Mozilla/5.0 (Windows NT 10.0; Win64; x64) AppleWebKit/537.36 (KHTML, like Gecko) Chrome/145.0.0.0 Safari/537.36 (compatible; meta-externalagent/1.1 (+https://developers.facebook.com/docs/sharing/webmasters/crawler))"
104.23.225.89 - - [06/Jul/2026:05:33:52 +0300] "GET /haber/adanada-bir-kisi-karisini-kayinpederini-kayinvalidesini-ve-kayinbiraderini-oldurdu-15280 HTTP/1.1" 200 116941 "-" "Mozilla/5.0 (compatible; MJ12bot/v1.4.8; http://mj12bot.com/)"
172.68.245.143 - - [06/Jul/2026:05:33:54 +0300] "GET /haber/vali-yilmaz-kadina-yonelik-siddete-hep-birlikte-dur-diyelim-6247 HTTP/1.1" 200 117593 "-" "Mozilla/5.0 (compatible; SemrushBot/7~bl; +http://www.semrush.com/bot.html)"
104.23.225.89 - - [06/Jul/2026:05:33:54 +0300] "GET /haber/adanada-devrilen-otomobildeki-kari-koca-yaralandi-10191 HTTP/1.1" 200 114035 "-" "Mozilla/5.0 (compatible; MJ12bot/v1.4.8; http://mj12bot.com/)"
104.23.225.89 - - [06/Jul/2026:05:33:56 +0300] "GET /editorler/haber-osmaniye-13?page=4 HTTP/1.1" 200 77599 "-" "Mozilla/5.0 (compatible; Barkrowler/0.9; +https://babbar.tech/crawler)"
104.23.225.89 - - [06/Jul/2026:05:33:56 +0300] "GET /haber/adanada-doktor-calistigi-aile-sagligi-merkezinde-darbedildi-18207 HTTP/1.1" 200 115558 "-" "Mozilla/5.0 (compatible; MJ12bot/v1.4.8; http://mj12bot.com/)"
172.68.211.97 - - [06/Jul/2026:05:33:58 +0300] "GET /haber/baskan-cenetten-hizmet-raporu-gibi-yazi-osmaniyeyi-gelecege-tasiyoruz-23916 HTTP/1.1" 200 121208 "-" "Mozilla/5.0 (Windows NT 6.1; Win64; x64) AppleWebKit/537.36 (KHTML, like Gecko) Chrome/89.0.4389.114 Safari/537.36"
104.23.225.89 - - [06/Jul/2026:05:33:58 +0300] "GET /haber/adanada-ev-ve-ahirda-cikan-yangin-sonduruldu-15264 HTTP/1.1" 200 114098 "-" "Mozilla/5.0 (compatible; MJ12bot/v1.4.8; http://mj12bot.com/)"
172.71.191.52 - - [06/Jul/2026:05:34:00 +0300] "GET /haber/oprakkalede-asfaltlanan-yollar-cocuklari-sevindirdi-25010 HTTP/1.1" 200 117001 "-" "Mozilla/5.0 (compatible; SemrushBot/7~bl; +http://www.semrush.com/bot.html)"
104.23.225.89 - - [06/Jul/2026:05:34:00 +0300] "GET /haber/adanada-evin-odunlugundaki-aramada-kalasnikof-tufek-ele-gecirildi-12532 HTTP/1.1" 200 115480 "-" "Mozilla/5.0 (compatible; MJ12bot/v1.4.8; http://mj12bot.com/)"
104.23.225.89 - - [06/Jul/2026:05:34:02 +0300] "GET /haber/adanada-firari-feto-hukumlusu-eski-polis-yakalandi-10394 HTTP/1.1" 200 115253 "-" "Mozilla/5.0 (compatible; MJ12bot/v1.4.8; http://mj12bot.com/)"
104.23.225.89 - - [06/Jul/2026:05:34:04 +0300] "GET /haber/adanada-geri-donusum-fabrikasinda-cikan-yangin-sonduruldu-17860 HTTP/1.1" 200 114734 "-" "Mozilla/5.0 (compatible; MJ12bot/v1.4.8; http://mj12bot.com/)"
104.23.225.89 - - [06/Jul/2026:05:34:06 +0300] "GET /haber/adanada-iki-arac-rampayi-ciktigi-sirada-geri-geri-giden-tirla-carpisti-17908 HTTP/1.1" 200 115617 "-" "Mozilla/5.0 (compatible; MJ12bot/v1.4.8; http://mj12bot.com/)"
104.23.211.6 - - [06/Jul/2026:05:34:06 +0300] "GET /haber/kadirli-vefat-edenler-29-ocak-2025-22554 HTTP/1.1" 200 112302 "-" "Mozilla/5.0 (Macintosh; Intel Mac OS X 10_15_7) AppleWebKit/537.36 (KHTML, like Gecko) Chrome/145.0.0.0 Safari/537.36 (compatible; meta-externalagent/1.1 (+https://developers.facebook.com/docs/sharing/webmasters/crawler))"
104.23.225.89 - - [06/Jul/2026:05:34:08 +0300] "GET /haber/adanada-iki-aractaki-gizli-bolmelerden-6-tabanca-cikti-18186 HTTP/1.1" 200 115242 "-" "Mozilla/5.0 (compatible; MJ12bot/v1.4.8; http://mj12bot.com/)"
104.23.225.89 - - [06/Jul/2026:05:34:10 +0300] "GET /haber/adanada-iki-evde-ruhsatsiz-6-silah-ele-gecirildi-10363 HTTP/1.1" 200 114649 "-" "Mozilla/5.0 (compatible; MJ12bot/v1.4.8; http://mj12bot.com/)"
104.23.225.89 - - [06/Jul/2026:05:34:12 +0300] "GET /haber/adanada-kalp-krizi-geciren-yolcuyu-otobus-soforu-hastaneye-yetistirdi-10474 HTTP/1.1" 200 115640 "-" "Mozilla/5.0 (compatible; MJ12bot/v1.4.8; http://mj12bot.com/)"
172.69.39.48 - - [06/Jul/2026:05:34:12 +0300] "GET /haber/terore-darbe-osmaniyenin-de-oldugu-30-ilde-muhimmat-bulundu-25140 HTTP/1.1" 200 116433 "-" "Mozilla/5.0 (Macintosh; Intel Mac OS X 10_16_0) AppleWebKit/537.36 (KHTML, like Gecko) Chrome/84.0.4147.89 Safari/537.36"
104.23.229.49 - - [06/Jul/2026:05:34:12 +0300] "GET /editorler/haber-osmaniye-13?page=101 HTTP/1.1" 200 77596 "-" "Mozilla/5.0 (compatible; Barkrowler/0.9; +https://babbar.tech/crawler)"
104.22.104.59 - - [06/Jul/2026:05:34:13 +0300] "GET /haber/burdurda-ismail-heniyye-suikasti-duzenlenen-yuruyusle-protesto-edildi-16894 HTTP/1.1" 200 116820 "-" "meta-externalagent/1.1 (+https://developers.facebook.com/docs/sharing/webmasters/crawler)"
104.23.225.89 - - [06/Jul/2026:05:34:13 +0300] "GET /haber/adanada-motosikletin-carptigi-yaya-oldu-12741 HTTP/1.1" 200 114519 "-" "Mozilla/5.0 (compatible; MJ12bot/v1.4.8; http://mj12bot.com/)"
104.23.225.89 - - [06/Jul/2026:05:34:15 +0300] "GET /haber/adanada-otomobillerin-carpismasi-sonucu-1-kisi-yaralandi-15286 HTTP/1.1" 200 114621 "-" "Mozilla/5.0 (compatible; MJ12bot/v1.4.8; http://mj12bot.com/)"
104.23.225.89 - - [06/Jul/2026:05:34:17 +0300] "GET /haber/adanada-oyun-parkinda-cocuga-hirsizlik-yaptiran-supheli-tutuklandi-12822 HTTP/1.1" 200 115953 "-" "Mozilla/5.0 (compatible; MJ12bot/v1.4.8; http://mj12bot.com/)"
104.23.225.89 - - [06/Jul/2026:05:34:19 +0300] "GET /haber/adanada-polisler-voleybol-turnuvasinda-dereceye-giren-takimlari-odullendirdi-12536 HTTP/1.1" 200 117613 "-" "Mozilla/5.0 (compatible; MJ12bot/v1.4.8; http://mj12bot.com/)"
104.23.225.89 - - [06/Jul/2026:05:34:21 +0300] "GET /haber/adanada-ruhsatsiz-silah-ve-uyusturucu-bulunan-evdeki-1-kisi-tutuklandi-10393 HTTP/1.1" 200 115490 "-" "Mozilla/5.0 (compatible; MJ12bot/v1.4.8; http://mj12bot.com/)"
104.23.225.89 - - [06/Jul/2026:05:34:23 +0300] "GET /haber/adanada-sahipsiz-kopeklerin-cocuga-saldirisi-guvenlik-kamerasinca-kaydedildi-15071 HTTP/1.1" 200 116175 "-" "Mozilla/5.0 (compatible; MJ12bot/v1.4.8; http://mj12bot.com/)"
104.23.225.89 - - [06/Jul/2026:05:34:25 +0300] "GET /haber/adanada-tankerin-karpuz-yuklu-tira-carpmasi-sonucu-cikan-yangin-sonduruldu-15196 HTTP/1.1" 200 116338 "-" "Mozilla/5.0 (compatible; MJ12bot/v1.4.8; http://mj12bot.com/)"
104.23.225.89 - - [06/Jul/2026:05:34:27 +0300] "GET /haber/adanada-tarim-iscilerinin-cadirlarinda-cikan-yangin-sonduruldu-18213 HTTP/1.1" 200 115239 "-" "Mozilla/5.0 (compatible; MJ12bot/v1.4.8; http://mj12bot.com/)"
172.69.223.183 - - [06/Jul/2026:05:34:27 +0300] "GET /editorler/haber-osmaniye-13?page=97 HTTP/1.1" 200 77865 "-" "Mozilla/5.0 (compatible; Barkrowler/0.9; +https://babbar.tech/crawler)"
104.23.225.89 - - [06/Jul/2026:05:34:29 +0300] "GET /haber/adanada-tirin-carptigi-yaya-hayatini-kaybetti-10390 HTTP/1.1" 200 115231 "-" "Mozilla/5.0 (compatible; MJ12bot/v1.4.8; http://mj12bot.com/)"
108.162.245.217 - - [06/Jul/2026:05:34:30 +0300] "GET /agfden-kayseri-aakarmasa.html?ajax=1 HTTP/1.1" 302 3433 "-" "Mozilla/5.0 (Macintosh; Intel Mac OS X 10_15_7) AppleWebKit/605.1.15 (KHTML, like Gecko) Version/17.4 Safari/605.1.15 (Applebot/0.1; +http://www.apple.com/go/applebot)"
104.23.225.89 - - [06/Jul/2026:05:34:31 +0300] "GET /haber/adanadaki-kadin-cinayeti-protesto-edildi-17927 HTTP/1.1" 200 114788 "-" "Mozilla/5.0 (compatible; MJ12bot/v1.4.8; http://mj12bot.com/)"
104.23.170.48 - - [06/Jul/2026:05:34:32 +0300] "GET /haber/ellekte-dogalgaz-oncesi-kritik-toplanti-vatandaslar-bilgilendirildi-25932 HTTP/1.1" 200 117016 "-" "Mozilla/5.0 (compatible; Baiduspider/2.0; +http://www.baidu.com/search/spider.html)"
104.22.93.62 - - [06/Jul/2026:05:34:35 +0300] "GET /haber/hatayda-kompresorun-icinde-315-gram-sentetik-uyusturucu-bulundu-18015 HTTP/1.1" 200 115057 "-" "meta-externalagent/1.1 (+https://developers.facebook.com/docs/sharing/webmasters/crawler)"
162.158.91.166 - - [06/Jul/2026:05:34:37 +0300] "GET /images/haberler/2025/12/ellekte-dogalgaz-oncesi-kritik-toplanti-vatandaslar-bilgilendirildi-1766050712.jpg HTTP/1.1" 200 118364 "https://haberosmaniye.com/haber/ellekte-dogalgaz-oncesi-kritik-toplanti-vatandaslar-bilgilendirildi-25932" "Mozilla/5.0 (compatible; Baiduspider-render/2.0; +http://www.baidu.com/search/spider.html)"
104.23.251.35 - - [06/Jul/2026:05:34:37 +0300] "GET /images/tn/2025/12/canakkale-ruhu-yarbasinda-canlaniyor-mobil-muze-geliyor-1766051709.jpg HTTP/1.1" 200 24979 "https://haberosmaniye.com/haber/ellekte-dogalgaz-oncesi-kritik-toplanti-vatandaslar-bilgilendirildi-25932" "Mozilla/5.0 (compatible; Baiduspider-render/2.0; +http://www.baidu.com/search/spider.html)"
104.23.225.89 - - [06/Jul/2026:05:34:36 +0300] "GET /haber/agc-10-ocak-calisan-gazeteciler-gununu-kutladi-10366 HTTP/1.1" 200 116305 "-" "Mozilla/5.0 (compatible; MJ12bot/v1.4.8; http://mj12bot.com/)"
162.158.186.233 - - [06/Jul/2026:05:34:38 +0300] "OPTIONS /hava-durumu/ajax?sehir_isim=80 HTTP/1.1" 200 2362 "https://haberosmaniye.com/" "Mozilla/5.0 (compatible; Baiduspider-render/2.0; +http://www.baidu.com/search/spider.html)"
172.64.217.16 - - [06/Jul/2026:05:34:38 +0300] "GET /haber/canakkale-ruhu-yarbasinda-canlaniyor-mobil-muze-geliyor-25933 HTTP/1.1" 200 116194 "https://haberosmaniye.com/haber/ellekte-dogalgaz-oncesi-kritik-toplanti-vatandaslar-bilgilendirildi-25932" "Mozilla/5.0 (compatible; Baiduspider-render/2.0; +http://www.baidu.com/search/spider.html)"
104.23.225.89 - - [06/Jul/2026:05:34:38 +0300] "GET /haber/agc-sosyal-tesisi-torenle-hizmete-acildi-18214 HTTP/1.1" 200 116856 "-" "Mozilla/5.0 (compatible; MJ12bot/v1.4.8; http://mj12bot.com/)"
104.23.251.130 - - [06/Jul/2026:05:34:40 +0300] "GET /images/haberler/2025/12/canakkale-ruhu-yarbasinda-canlaniyor-mobil-muze-geliyor-1766051709.jpg HTTP/1.1" 200 148450 "https://haberosmaniye.com/haber/ellekte-dogalgaz-oncesi-kritik-toplanti-vatandaslar-bilgilendirildi-25932" "Mozilla/5.0 (compatible; Baiduspider-render/2.0; +http://www.baidu.com/search/spider.html)"
104.23.225.89 - - [06/Jul/2026:05:34:40 +0300] "GET /haber/agustos-fuari-depremin-merkez-ussu-kahramanmarasa-moral-oldu-17916 HTTP/1.1" 200 118547 "-" "Mozilla/5.0 (compatible; MJ12bot/v1.4.8; http://mj12bot.com/)"
172.71.222.144 - - [06/Jul/2026:05:34:42 +0300] "GET /haber/osmaniyede-ciftcilere-reflektor-dagitildi-21471 HTTP/1.1" 200 113848 "-" "meta-externalagent/1.1 (+https://developers.facebook.com/docs/sharing/webmasters/crawler)"
104.23.225.89 - - [06/Jul/2026:05:34:42 +0300] "GET /haber/ak-parti-antalya-milletvekili-tas-ve-emniyet-muduru-cevikten-agcye-ziyaret-10407 HTTP/1.1" 200 116527 "-" "Mozilla/5.0 (compatible; MJ12bot/v1.4.8; http://mj12bot.com/)"
172.68.151.79 - - [06/Jul/2026:05:34:43 +0300] "GET /editorler/haber-osmaniye-13?page=87 HTTP/1.1" 200 77638 "-" "Mozilla/5.0 (compatible; Barkrowler/0.9; +https://babbar.tech/crawler)"
172.71.172.225 - - [06/Jul/2026:05:34:43 +0300] "GET /rss/genel-0 HTTP/1.1" 200 279146 "-" "Rome Client (http://tinyurl.com/64t5n) Ver: UNKNOWN"
104.23.225.89 - - [06/Jul/2026:05:34:44 +0300] "GET /haber/ak-parti-burdur-il-baskanligi-basin-mensuplariyla-bulustu-10405 HTTP/1.1" 200 117261 "-" "Mozilla/5.0 (compatible; MJ12bot/v1.4.8; http://mj12bot.com/)"
104.23.225.89 - - [06/Jul/2026:05:34:46 +0300] "GET /haber/ak-parti-kadin-kollarindan-radyo-80e-dunya-radyo-gunu-ziyareti-6762 HTTP/1.1" 200 115449 "-" "Mozilla/5.0 (compatible; MJ12bot/v1.4.8; http://mj12bot.com/)"
104.23.225.89 - - [06/Jul/2026:05:34:48 +0300] "GET /haber/akbohonder-uyeleri-organ-bagisina-farkindalik-olusturmak-icin-caba-gosteriyor-21141 HTTP/1.1" 200 116690 "-" "Mozilla/5.0 (compatible; MJ12bot/v1.4.8; http://mj12bot.com/)"
104.23.225.89 - - [06/Jul/2026:05:34:50 +0300] "GET /haber/antalyada-bayram-tatili-yogunlugu-yasanan-karavan-parkta-hareketlilik-suruyor-15365 HTTP/1.1" 200 117202 "-" "Mozilla/5.0 (compatible; MJ12bot/v1.4.8; http://mj12bot.com/)"
162.159.98.165 - - [06/Jul/2026:05:34:50 +0300] "GET /haber/vali-serdengecti-huzurevi-sakinleriyle-bir-araya-geldi-26982 HTTP/1.1" 200 115303 "-" "Mozilla/5.0 (Macintosh; Intel Mac OS X 10_10_3) AppleWebKit/537.36 (KHTML, like Gecko) Chrome/65.0.3325.44 Safari/537.36"
104.23.225.89 - - [06/Jul/2026:05:34:52 +0300] "GET /haber/antalyada-otomobilin-su-tankerine-carptigi-kazada-3-kisi-oldu-2-kisi-yaralandi-18393 HTTP/1.1" 200 116854 "-" "Mozilla/5.0 (compatible; MJ12bot/v1.4.8; http://mj12bot.com/)"
104.23.225.89 - - [06/Jul/2026:05:34:53 +0300] "GET /haber/asayis-olaylarinda-5-kisi-tutuklandi-8246 HTTP/1.1" 200 114279 "-" "Mozilla/5.0 (compatible; MJ12bot/v1.4.8; http://mj12bot.com/)"
162.159.115.25 - - [06/Jul/2026:05:34:55 +0300] "GET /haber/adanada-aranan-57-supheli-yakalandi-13806 HTTP/1.1" 200 112997 "-" "Mozilla/5.0 AppleWebKit/537.36 (KHTML, like Gecko; compatible; ClaudeBot/1.0; +claudebot@anthropic.com)"
104.23.225.89 - - [06/Jul/2026:05:34:55 +0300] "GET /haber/asayis-olaylarinda-8-kisi-tutuklandi-7818 HTTP/1.1" 200 113849 "-" "Mozilla/5.0 (compatible; MJ12bot/v1.4.8; http://mj12bot.com/)"
162.158.210.110 - - [06/Jul/2026:05:34:55 +0300] "GET / HTTP/1.1" 200 114649 "https://www.haberosmaniye.com/" "Mozilla/5.0 (Windows NT 6.1; Win64; x64) AppleWebKit/537.36 (KHTML, like Gecko) Chrome/62.0.3202.94 Safari/537.36"
104.23.225.89 - - [06/Jul/2026:05:34:57 +0300] "GET /haber/asayis-olaylarinda-9-supheli-tutuklandi-8050 HTTP/1.1" 200 114210 "-" "Mozilla/5.0 (compatible; MJ12bot/v1.4.8; http://mj12bot.com/)"
172.69.223.183 - - [06/Jul/2026:05:34:58 +0300] "GET /editorler/haber-osmaniye-13?page=68 HTTP/1.1" 200 77665 "-" "Mozilla/5.0 (compatible; Barkrowler/0.9; +https://babbar.tech/crawler)"
104.23.225.89 - - [06/Jul/2026:05:34:59 +0300] "GET /haber/asayis-olaylarinda-osmaniyede-8-kisi-tutuklandi-7444 HTTP/1.1" 200 114532 "-" "Mozilla/5.0 (compatible; MJ12bot/v1.4.8; http://mj12bot.com/)"
104.23.225.89 - - [06/Jul/2026:05:35:00 +0300] "GET /haber/asayis-uygulamalarinda-15-silah-ele-gecirildi-8192 HTTP/1.1" 200 114726 "-" "Mozilla/5.0 (compatible; MJ12bot/v1.4.8; http://mj12bot.com/)"
172.69.251.132 - - [06/Jul/2026:05:35:02 +0300] "GET / HTTP/1.1" 200 114670 "-" "axios/1.6.7"
104.23.225.89 - - [06/Jul/2026:05:35:02 +0300] "GET /haber/asik-feymaniden-vali-erdinc-yilmaz-icin-dokunakli-siir-9360 HTTP/1.1" 200 116923 "-" "Mozilla/5.0 (compatible; MJ12bot/v1.4.8; http://mj12bot.com/)"
104.23.197.176 - - [06/Jul/2026:05:35:04 +0300] "GET /amp/eglence-amacli-basladigi-buz-pateninde-zirveye-cikmayi-hedefliyor-20489 HTTP/1.1" 200 61694 "-" "Mozilla/5.0 AppleWebKit/537.36 (KHTML, like Gecko; compatible; ClaudeBot/1.0; +claudebot@anthropic.com)"
104.23.197.176 - - [06/Jul/2026:05:35:04 +0300] "GET /amp/antalyada-denize-giren-kisi-boguldu-13805 HTTP/1.1" 200 58550 "-" "Mozilla/5.0 AppleWebKit/537.36 (KHTML, like Gecko; compatible; ClaudeBot/1.0; +claudebot@anthropic.com)"
104.23.211.203 - - [06/Jul/2026:05:35:05 +0300] "GET /haber/25-agustos-2021-osmaniyede-vefat-edenler-6248 HTTP/1.1" 200 114506 "-" "Mozilla/5.0 (compatible; SemrushBot/7~bl; +http://www.semrush.com/bot.html)"
104.23.225.89 - - [06/Jul/2026:05:35:13 +0300] "GET /haber/aska-ozur-diletmem-okurlari-ile-bulustu-7782 HTTP/1.1" 200 115625 "-" "Mozilla/5.0 (compatible; MJ12bot/v1.4.8; http://mj12bot.com/)"
172.71.130.148 - - [06/Jul/2026:05:35:14 +0300] "GET /editorler/haber-osmaniye-13?page=32 HTTP/1.1" 200 78633 "-" "Mozilla/5.0 (compatible; Barkrowler/0.9; +https://babbar.tech/crawler)"
104.23.225.89 - - [06/Jul/2026:05:35:15 +0300] "GET /haber/asklari-depremle-sinanan-aybek-cifti-mutlu-evlilikleriyle-hayata-tutundu-12436 HTTP/1.1" 200 120073 "-" "Mozilla/5.0 (compatible; MJ12bot/v1.4.8; http://mj12bot.com/)"
172.68.35.137 - - [06/Jul/2026:05:35:17 +0300] "GET /images/tn/2024/10/osmaniye-vefat-edenler-30-ekim-2024-1730298936.jpg HTTP/1.1" 200 30035 "https://www.haberosmaniye.com/haber/adanada-araclardan-hirsizlik-yapan-3-kisi-tutuklandi-20074" "Mozilla/5.0 (Macintosh; Intel Mac OS X 10_15_7) AppleWebKit/537.36 (KHTML, like Gecko) Chrome/131.0.0.0 Safari/537.36"
104.23.225.89 - - [06/Jul/2026:05:35:17 +0300] "GET /haber/ataturk-ortaokulu-insaatinin-bitirilmesi-bekleniyor-9185 HTTP/1.1" 200 115335 "-" "Mozilla/5.0 (compatible; MJ12bot/v1.4.8; http://mj12bot.com/)"
104.22.105.52 - - [06/Jul/2026:05:35:17 +0300] "GET /haber/kadirli-vefat-edenler-27-nisan-2025-23607 HTTP/1.1" 200 113370 "-" "Mozilla/5.0 (compatible; SemrushBot/7~bl; +http://www.semrush.com/bot.html)"
104.23.225.89 - - [06/Jul/2026:05:35:19 +0300] "GET /haber/ataturk-ortaokulu-ogrencilerinden-kaymakama-ziyaret-9002 HTTP/1.1" 200 117801 "-" "Mozilla/5.0 (compatible; MJ12bot/v1.4.8; http://mj12bot.com/)"
104.23.209.202 - - [06/Jul/2026:05:35:21 +0300] "GET /haber/uluslararasi-dede-korkut-sempozyumu-turk-dunyasi-icin-onemli-katki-sagladi-25609 HTTP/1.1" 200 117885 "-" "Mozilla/5.0 (compatible; SemrushBot/7~bl; +http://www.semrush.com/bot.html)"
104.23.225.89 - - [06/Jul/2026:05:35:21 +0300] "GET /haber/bagimlilikla-mucadele-afis-yarismasinda-oduller-verildi-10436 HTTP/1.1" 200 116496 "-" "Mozilla/5.0 (compatible; MJ12bot/v1.4.8; http://mj12bot.com/)"
104.23.225.89 - - [06/Jul/2026:05:35:23 +0300] "GET /haber/bagimlilikla-mucadele-kurulu-toplandi-6621 HTTP/1.1" 200 114838 "-" "Mozilla/5.0 (compatible; MJ12bot/v1.4.8; http://mj12bot.com/)"
104.22.101.73 - - [06/Jul/2026:05:35:24 +0300] "GET /yazarlar HTTP/1.1" 200 48159 "-" "Mozilla/5.0 (Macintosh; Intel Mac OS X 10_15_7) AppleWebKit/537.36 (KHTML, like Gecko) Chrome/124.0.0.0 Safari/537.36"
104.22.101.73 - - [06/Jul/2026:05:35:24 +0300] "GET /toprakkale HTTP/1.1" 200 98437 "-" "Mozilla/5.0 (Macintosh; Intel Mac OS X 10_15_7) AppleWebKit/537.36 (KHTML, like Gecko) Chrome/124.0.0.0 Safari/537.36"
104.22.101.73 - - [06/Jul/2026:05:35:25 +0300] "GET /burdur HTTP/1.1" 200 102026 "-" "Mozilla/5.0 (Macintosh; Intel Mac OS X 10_15_7) AppleWebKit/537.36 (KHTML, like Gecko) Chrome/124.0.0.0 Safari/537.36"
104.23.211.203 - - [06/Jul/2026:05:35:25 +0300] "GET /haber/mersinde-kurban-bayrami-oncesi-trafik-denetimi-yapildi-15133 HTTP/1.1" 200 114684 "-" "Mozilla/5.0 (compatible; SemrushBot/7~bl; +http://www.semrush.com/bot.html)"
104.22.101.73 - - [06/Jul/2026:05:35:26 +0300] "GET /haber/adanada-balkondan-dusen-kisi-oldu-17177 HTTP/1.1" 200 113913 "-" "Mozilla/5.0 (Macintosh; Intel Mac OS X 10_15_7) AppleWebKit/537.36 (KHTML, like Gecko) Chrome/124.0.0.0 Safari/537.36"
104.23.225.89 - - [06/Jul/2026:05:35:26 +0300] "GET /haber/bakan-karaismailogludan-vali-yilmaza-ziyaret-7908 HTTP/1.1" 200 115545 "-" "Mozilla/5.0 (compatible; MJ12bot/v1.4.8; http://mj12bot.com/)"
104.22.101.73 - - [06/Jul/2026:05:35:26 +0300] "GET / HTTP/1.1" 200 114666 "-" "Mozilla/5.0 (Macintosh; Intel Mac OS X 10_15_7) AppleWebKit/537.36 (KHTML, like Gecko) Chrome/124.0.0.0 Safari/537.36"
104.22.101.73 - - [06/Jul/2026:05:35:27 +0300] "GET /hatay HTTP/1.1" 200 99266 "-" "Mozilla/5.0 (Macintosh; Intel Mac OS X 10_15_7) AppleWebKit/537.36 (KHTML, like Gecko) Chrome/124.0.0.0 Safari/537.36"
104.22.101.73 - - [06/Jul/2026:05:35:27 +0300] "GET /hasanbeyli HTTP/1.1" 200 98771 "-" "Mozilla/5.0 (Macintosh; Intel Mac OS X 10_15_7) AppleWebKit/537.36 (KHTML, like Gecko) Chrome/124.0.0.0 Safari/537.36"
104.23.225.89 - - [06/Jul/2026:05:35:28 +0300] "GET /haber/baskan-kara-turk-polis-teskilatinin-kurulus-yildonumunu-kutladi-7255 HTTP/1.1" 200 115493 "-" "Mozilla/5.0 (compatible; MJ12bot/v1.4.8; http://mj12bot.com/)"
104.22.101.73 - - [06/Jul/2026:05:35:28 +0300] "GET /yerel HTTP/1.1" 200 98104 "-" "Mozilla/5.0 (Macintosh; Intel Mac OS X 10_15_7) AppleWebKit/537.36 (KHTML, like Gecko) Chrome/124.0.0.0 Safari/537.36"
104.22.101.73 - - [06/Jul/2026:05:35:28 +0300] "GET /guncel HTTP/1.1" 200 99347 "-" "Mozilla/5.0 (Macintosh; Intel Mac OS X 10_15_7) AppleWebKit/537.36 (KHTML, like Gecko) Chrome/124.0.0.0 Safari/537.36"
104.23.239.97 - - [06/Jul/2026:05:35:29 +0300] "GET / HTTP/1.1" 200 113638 "-" "Mozilla/5.0 (Windows NT 10.0; Win64; x64) AppleWebKit/537.36 (KHTML, like Gecko) Chrome/120.0.0.0 Safari/537.36"
104.22.101.73 - - [06/Jul/2026:05:35:29 +0300] "GET /bahce HTTP/1.1" 200 98171 "-" "Mozilla/5.0 (Macintosh; Intel Mac OS X 10_15_7) AppleWebKit/537.36 (KHTML, like Gecko) Chrome/124.0.0.0 Safari/537.36"
141.101.95.56 - - [06/Jul/2026:05:35:29 +0300] "GET /editorler/haber-osmaniye-13?page=41 HTTP/1.1" 200 78385 "-" "Mozilla/5.0 (compatible; Barkrowler/0.9; +https://babbar.tech/crawler)"
104.23.225.89 - - [06/Jul/2026:05:35:30 +0300] "GET /haber/bbp-osmaniye-milletvekili-adaylari-belli-oldu-8853 HTTP/1.1" 200 114908 "-" "Mozilla/5.0 (compatible; MJ12bot/v1.4.8; http://mj12bot.com/)"
104.22.101.73 - - [06/Jul/2026:05:35:30 +0300] "GET /isparta HTTP/1.1" 200 101485 "-" "Mozilla/5.0 (Macintosh; Intel Mac OS X 10_15_7) AppleWebKit/537.36 (KHTML, like Gecko) Chrome/124.0.0.0 Safari/537.36"
104.22.101.73 - - [06/Jul/2026:05:35:30 +0300] "GET /duzici HTTP/1.1" 200 99395 "-" "Mozilla/5.0 (Macintosh; Intel Mac OS X 10_15_7) AppleWebKit/537.36 (KHTML, like Gecko) Chrome/124.0.0.0 Safari/537.36"
104.22.101.73 - - [06/Jul/2026:05:35:32 +0300] "GET /adana HTTP/1.1" 301 2613 "-" "Mozilla/5.0 (Macintosh; Intel Mac OS X 10_15_7) AppleWebKit/537.36 (KHTML, like Gecko) Chrome/124.0.0.0 Safari/537.36"
104.22.101.73 - - [06/Jul/2026:05:35:32 +0300] "GET /public/adana/ HTTP/1.1" 200 2368 "-" "Mozilla/5.0 (Macintosh; Intel Mac OS X 10_15_7) AppleWebKit/537.36 (KHTML, like Gecko) Chrome/124.0.0.0 Safari/537.36"
104.23.225.89 - - [06/Jul/2026:05:35:32 +0300] "GET /haber/belediye-sokak-hayvanlarina-mama-destegi-veriyor-8680 HTTP/1.1" 200 114820 "-" "Mozilla/5.0 (compatible; MJ12bot/v1.4.8; http://mj12bot.com/)"
104.22.101.73 - - [06/Jul/2026:05:35:32 +0300] "GET /gaziantep HTTP/1.1" 200 98929 "-" "Mozilla/5.0 (Macintosh; Intel Mac OS X 10_15_7) AppleWebKit/537.36 (KHTML, like Gecko) Chrome/124.0.0.0 Safari/537.36"
104.22.101.73 - - [06/Jul/2026:05:35:32 +0300] "GET /public/adana/ HTTP/2.0" 200 23443 "-" "Mozilla/5.0 (Macintosh; Intel Mac OS X 10_15_7) AppleWebKit/537.36 (KHTML, like Gecko) Chrome/124.0.0.0 Safari/537.36"
104.22.101.73 - - [06/Jul/2026:05:35:33 +0300] "GET /antalya HTTP/1.1" 200 100553 "-" "Mozilla/5.0 (Macintosh; Intel Mac OS X 10_15_7) AppleWebKit/537.36 (KHTML, like Gecko) Chrome/124.0.0.0 Safari/537.36"
104.22.101.73 - - [06/Jul/2026:05:35:33 +0300] "GET /kadirli HTTP/1.1" 200 98807 "-" "Mozilla/5.0 (Macintosh; Intel Mac OS X 10_15_7) AppleWebKit/537.36 (KHTML, like Gecko) Chrome/124.0.0.0 Safari/537.36"
104.22.101.73 - - [06/Jul/2026:05:35:34 +0300] "GET /mersin HTTP/1.1" 200 97715 "-" "Mozilla/5.0 (Macintosh; Intel Mac OS X 10_15_7) AppleWebKit/537.36 (KHTML, like Gecko) Chrome/124.0.0.0 Safari/537.36"
104.22.101.73 - - [06/Jul/2026:05:35:34 +0300] "GET /osmaniye HTTP/1.1" 200 98919 "-" "Mozilla/5.0 (Macintosh; Intel Mac OS X 10_15_7) AppleWebKit/537.36 (KHTML, like Gecko) Chrome/124.0.0.0 Safari/537.36"
104.23.225.89 - - [06/Jul/2026:05:35:34 +0300] "GET /haber/belediyeden-dogum-gunu-surprizi-9332 HTTP/1.1" 200 114627 "-" "Mozilla/5.0 (compatible; MJ12bot/v1.4.8; http://mj12bot.com/)"
104.22.101.73 - - [06/Jul/2026:05:35:35 +0300] "GET /kahramanmaras HTTP/1.1" 200 101488 "-" "Mozilla/5.0 (Macintosh; Intel Mac OS X 10_15_7) AppleWebKit/537.36 (KHTML, like Gecko) Chrome/124.0.0.0 Safari/537.36"
104.22.101.73 - - [06/Jul/2026:05:35:35 +0300] "GET /kilis HTTP/1.1" 200 50879 "-" "Mozilla/5.0 (Macintosh; Intel Mac OS X 10_15_7) AppleWebKit/537.36 (KHTML, like Gecko) Chrome/124.0.0.0 Safari/537.36"
104.22.101.73 - - [06/Jul/2026:05:35:36 +0300] "GET /vefatlar HTTP/1.1" 200 90431 "-" "Mozilla/5.0 (Macintosh; Intel Mac OS X 10_15_7) AppleWebKit/537.36 (KHTML, like Gecko) Chrome/124.0.0.0 Safari/537.36"
104.22.101.73 - - [06/Jul/2026:05:35:36 +0300] "GET /spor HTTP/1.1" 200 98304 "-" "Mozilla/5.0 (Macintosh; Intel Mac OS X 10_15_7) AppleWebKit/537.36 (KHTML, like Gecko) Chrome/124.0.0.0 Safari/537.36"
104.22.101.73 - - [06/Jul/2026:05:35:37 +0300] "GET /sumbas HTTP/1.1" 200 97366 "-" "Mozilla/5.0 (Macintosh; Intel Mac OS X 10_15_7) AppleWebKit/537.36 (KHTML, like Gecko) Chrome/124.0.0.0 Safari/537.36"
104.22.101.73 - - [06/Jul/2026:05:35:37 +0300] "GET /saglik HTTP/1.1" 200 95070 "-" "Mozilla/5.0 (Macintosh; Intel Mac OS X 10_15_7) AppleWebKit/537.36 (KHTML, like Gecko) Chrome/124.0.0.0 Safari/537.36"
104.23.193.135 - - [06/Jul/2026:05:35:38 +0300] "GET /haber/ingilizce-tercume-fiyatlari-8522 HTTP/1.1" 200 115553 "-" "Mozilla/5.0 (Windows NT 6.1; WOW64) AppleWebKit/537.36 (KHTML, like Gecko) Chrome/69.0.0.3016 Safari/537.36"
104.23.211.6 - - [06/Jul/2026:05:35:38 +0300] "GET /haber/yarali-karabatak-depremzedenin-duyarliligi-sayesinde-hayatta-kaldi-17643 HTTP/1.1" 200 116947 "-" "Mozilla/5.0 (Windows NT 10.0; Win64; x64) AppleWebKit/537.36 (KHTML, like Gecko) Chrome/145.0.0.0 Safari/537.36 (compatible; meta-externalagent/1.1 (+https://developers.facebook.com/docs/sharing/webmasters/crawler))"
104.23.225.89 - - [06/Jul/2026:05:35:39 +0300] "GET /haber/bitkin-bulunan-cakal-ve-tilki-yavrulari-koruma-altina-alindi-7537 HTTP/1.1" 200 115392 "-" "Mozilla/5.0 (compatible; MJ12bot/v1.4.8; http://mj12bot.com/)"
172.69.251.132 - - [06/Jul/2026:05:35:40 +0300] "GET / HTTP/1.1" 200 114648 "-" "axios/1.6.7"
104.23.225.89 - - [06/Jul/2026:05:35:41 +0300] "GET /haber/btp-osmaniyede-sahaya-indi-8338 HTTP/1.1" 200 113758 "-" "Mozilla/5.0 (compatible; MJ12bot/v1.4.8; http://mj12bot.com/)"
104.22.100.78 - - [06/Jul/2026:05:35:43 +0300] "GET /haber/tarihi-kaledeki-kazi-ve-restorasyon-calismalari-incelendi-25132 HTTP/1.1" 200 117394 "-" "Mozilla/5.0 (compatible; SemrushBot/7~bl; +http://www.semrush.com/bot.html)"
104.23.229.49 - - [06/Jul/2026:05:35:45 +0300] "GET /editorler/haber-osmaniye-13?page=96 HTTP/1.1" 200 77990 "-" "Mozilla/5.0 (compatible; Barkrowler/0.9; +https://babbar.tech/crawler)"
172.70.47.31 - - [06/Jul/2026:05:35:45 +0300] "GET /amp/karacay-dere-yatagina-dokulen-atik-lastikler-tepkilere-neden-oldu-8021 HTTP/1.1" 200 59951 "-" "Mozilla/5.0 (Linux; Android 6.0.1; Nexus 5X Build/MMB29P) AppleWebKit/537.36 (KHTML, like Gecko) Chrome/150.0.7871.46 Mobile Safari/537.36 (compatible; Google-AMPHTML)"
162.159.113.166 - - [06/Jul/2026:05:35:45 +0300] "GET /images/haberler/2022/09/karacay-dere-yatagina-dokulen-atik-lastikler-tepkilere-neden-oldu-1662807197.jpg HTTP/1.1" 200 72293 "-" "Mozilla/5.0 (Linux; Android 6.0.1; Nexus 5X Build/MMB29P) AppleWebKit/537.36 (KHTML, like Gecko) Chrome/150.0.7871.46 Mobile Safari/537.36 (compatible; Google-AMPHTML)"
104.23.209.202 - - [06/Jul/2026:05:35:45 +0300] "GET /haber/karacay-dere-yatagina-dokulen-atik-lastikler-tepkilere-neden-oldu-8021 HTTP/1.1" 200 116603 "-" "Mozilla/5.0 (Linux; Android 6.0.1; Nexus 5X Build/MMB29P) AppleWebKit/537.36 (KHTML, like Gecko) Chrome/150.0.7871.46 Mobile Safari/537.36 (compatible; Googlebot/2.1; +http://www.google.com/bot.html)"
104.22.101.73 - - [06/Jul/2026:05:35:50 +0300] "GET /haber/cocuklar-mescidi-aksa-ve-mescidi-nebi-portreleri-boyadi-18612 HTTP/1.1" 200 116996 "-" "Mozilla/5.0 (compatible; SemrushBot/7~bl; +http://www.semrush.com/bot.html)"
104.23.225.89 - - [06/Jul/2026:05:35:51 +0300] "GET /haber/burdurda-bayram-tatili-dolayisiyla-tedbirler-arttirildi-15118 HTTP/1.1" 200 115936 "-" "Mozilla/5.0 (compatible; MJ12bot/v1.4.8; http://mj12bot.com/)"
104.23.225.89 - - [06/Jul/2026:05:35:53 +0300] "GET /haber/burdurda-seyir-halindeki-tir-alev-aldi-10484 HTTP/1.1" 200 114733 "-" "Mozilla/5.0 (compatible; MJ12bot/v1.4.8; http://mj12bot.com/)"
104.23.225.89 - - [06/Jul/2026:05:35:55 +0300] "GET /haber/burdurda-sizofreni-hastasini-kontrol-altina-almaya-calisan-4-polis-hastanelik-oldu-12953 HTTP/1.1" 200 118002 "-" "Mozilla/5.0 (compatible; MJ12bot/v1.4.8; http://mj12bot.com/)"
104.23.225.89 - - [06/Jul/2026:05:35:57 +0300] "GET /haber/chp-muratpasa-belediye-baskan-adayi-uysal-oyunu-kullandi-12749 HTTP/1.1" 200 114889 "-" "Mozilla/5.0 (compatible; MJ12bot/v1.4.8; http://mj12bot.com/)"
104.23.225.89 - - [06/Jul/2026:05:35:58 +0300] "GET /haber/chpli-kayadan-deprem-konutu-sorusu-10438 HTTP/1.1" 200 116482 "-" "Mozilla/5.0 (compatible; MJ12bot/v1.4.8; http://mj12bot.com/)"
104.23.225.89 - - [06/Jul/2026:05:36:00 +0300] "GET /editorler/haber-osmaniye-13?page=52 HTTP/1.1" 200 78419 "-" "Mozilla/5.0 (compatible; Barkrowler/0.9; +https://babbar.tech/crawler)"
104.23.225.89 - - [06/Jul/2026:05:36:00 +0300] "GET /haber/ebru-cenet-evimde-mutluyum-slogani-ile-buyuklerle-bir-araya-geldi-22806 HTTP/1.1" 200 117220 "-" "Mozilla/5.0 (compatible; MJ12bot/v1.4.8; http://mj12bot.com/)"
104.23.225.89 - - [06/Jul/2026:05:36:02 +0300] "GET /haber/egitim-ogretim-yili-torenle-basladi-18164 HTTP/1.1" 200 118673 "-" "Mozilla/5.0 (compatible; MJ12bot/v1.4.8; http://mj12bot.com/)"
104.23.225.89 - - [06/Jul/2026:05:36:04 +0300] "GET /haber/egitimci-panavur-yasamini-yitirdi-18085 HTTP/1.1" 200 114790 "-" "Mozilla/5.0 (compatible; MJ12bot/v1.4.8; http://mj12bot.com/)"
104.23.225.89 - - [06/Jul/2026:05:36:06 +0300] "GET /haber/egitimci-yazar-mehmet-karaburc-yasinin-uc-kati-eser-yayinladi-10633 HTTP/1.1" 200 116215 "-" "Mozilla/5.0 (compatible; MJ12bot/v1.4.8; http://mj12bot.com/)"
162.159.115.26 - - [06/Jul/2026:05:36:07 +0300] "GET /amp/hatayda-asayis-uygulamalarinda-10-zanli-yakalandi-11688 HTTP/1.1" 200 58769 "-" "Mozilla/5.0 AppleWebKit/537.36 (KHTML, like Gecko; compatible; ClaudeBot/1.0; +claudebot@anthropic.com)"
104.23.225.89 - - [06/Jul/2026:05:36:10 +0300] "GET /haber/eglenceli-egitim-setleri-cocuklarla-bulusturuluyor-6698 HTTP/1.1" 200 116780 "-" "Mozilla/5.0 (compatible; MJ12bot/v1.4.8; http://mj12bot.com/)"
104.23.225.89 - - [06/Jul/2026:05:36:11 +0300] "GET /haber/ekonomik-yasantimiz-eski-yillari-animsatiyor-7295 HTTP/1.1" 200 117901 "-" "Mozilla/5.0 (compatible; MJ12bot/v1.4.8; http://mj12bot.com/)"
104.22.105.52 - - [06/Jul/2026:05:36:13 +0300] "GET / HTTP/1.1" 200 114659 "-" "Mozilla/5.0 (compatible; Googlebot/2.1; +http://www.google.com/bot.html)"
104.23.225.89 - - [06/Jul/2026:05:36:13 +0300] "GET /haber/elektrik-zamlari-faturalar-yakilarak-protesto-edildi-6743 HTTP/1.1" 200 116434 "-" "Mozilla/5.0 (compatible; MJ12bot/v1.4.8; http://mj12bot.com/)"
104.23.225.89 - - [06/Jul/2026:05:36:15 +0300] "GET /haber/ellek-beldesinde-ogrencilerin-geri-donusum-sergisi-acildi-7519 HTTP/1.1" 200 117201 "-" "Mozilla/5.0 (compatible; MJ12bot/v1.4.8; http://mj12bot.com/)"
172.71.130.148 - - [06/Jul/2026:05:36:15 +0300] "GET /editorler/haber-osmaniye-13?page=92 HTTP/1.1" 200 77550 "-" "Mozilla/5.0 (compatible; Barkrowler/0.9; +https://babbar.tech/crawler)"
172.68.138.209 - - [06/Jul/2026:05:36:16 +0300] "GET /haber/cenet-mobil-trafo-merkezleri-devrede-16633 HTTP/1.1" 200 113846 "-" "meta-externalagent/1.1 (+https://developers.facebook.com/docs/sharing/webmasters/crawler)"
104.22.105.52 - - [06/Jul/2026:05:36:17 +0300] "GET /hava-durumu/ajax?sehir_isim=80 HTTP/1.1" 200 3049 "https://www.haberosmaniye.com/" "Mozilla/5.0 AppleWebKit/537.36 (KHTML, like Gecko; compatible; Googlebot/2.1; +http://www.google.com/bot.html) Chrome/149.0.7827.200 Safari/537.36"
104.23.225.89 - - [06/Jul/2026:05:36:17 +0300] "GET /haber/ellek-tarihinde-bir-ilk-zeytin-festivali-coskuyla-gerceklesti-21192 HTTP/1.1" 200 118357 "-" "Mozilla/5.0 (compatible; MJ12bot/v1.4.8; http://mj12bot.com/)"
104.23.225.89 - - [06/Jul/2026:05:36:19 +0300] "GET /haber/emek-saglik-iste-genel-kurul-tamamlandi-6786 HTTP/1.1" 200 113856 "-" "Mozilla/5.0 (compatible; MJ12bot/v1.4.8; http://mj12bot.com/)"
104.23.225.89 - - [06/Jul/2026:05:36:21 +0300] "GET /haber/emekli-sen-osmaniye-subesi-ilk-genel-kurulunu-tamamladi-7662 HTTP/1.1" 200 115118 "-" "Mozilla/5.0 (compatible; MJ12bot/v1.4.8; http://mj12bot.com/)"
104.22.100.76 - - [06/Jul/2026:05:36:22 +0300] "GET /haber/defnede-bir-depoda-cikan-yangin-sonduruldu-16887 HTTP/1.1" 200 113610 "-" "meta-externalagent/1.1 (+https://developers.facebook.com/docs/sharing/webmasters/crawler)"
104.23.225.89 - - [06/Jul/2026:05:36:23 +0300] "GET /haber/engelliler-gununde-etkinlikler-duzenlenecek-21144 HTTP/1.1" 200 115282 "-" "Mozilla/5.0 (compatible; MJ12bot/v1.4.8; http://mj12bot.com/)"
172.71.141.238 - - [06/Jul/2026:05:36:28 +0300] "GET / HTTP/1.1" 200 113624 "-" "Mozilla/5.0 AppleWebKit/537.36 (KHTML, like Gecko); compatible; ChatGPT-User/1.0; +https://openai.com/bot"
172.71.195.42 - - [06/Jul/2026:05:36:29 +0300] "GET /haber/mart-kadirlinin-kurtulus-bayrami-spor-turnuvalarinda-kazananlar-belli-oldu-22942 HTTP/1.1" 200 116981 "-" "Mozilla/5.0 (compatible; Pinterestbot/1.0; +http://www.pinterest.com/bot.html)"
172.68.245.142 - - [06/Jul/2026:05:36:30 +0300] "GET /haber/burdur-valisi-oksuz-lavanta-hasadina-katildi-16327 HTTP/1.1" 200 117524 "-" "Mozilla/5.0 (compatible; SemrushBot/7~bl; +http://www.semrush.com/bot.html)"
172.68.151.79 - - [06/Jul/2026:05:36:31 +0300] "GET /editorler/haber-osmaniye-13?page=88 HTTP/1.1" 200 77851 "-" "Mozilla/5.0 (compatible; Barkrowler/0.9; +https://babbar.tech/crawler)"
141.101.68.59 - - [06/Jul/2026:05:36:33 +0300] "GET /haber/eski-baskan-koca-ve-namli-iyi-parti-uyesi-oldular-9558 HTTP/1.1" 200 114560 "-" "Mozilla/5.0 (compatible; MJ12bot/v1.4.8; http://mj12bot.com/)"
141.101.68.59 - - [06/Jul/2026:05:36:35 +0300] "GET /haber/gaziler-gununde-osmaniye-polis-evinde-anlamli-kahvalti-programi-18534 HTTP/1.1" 200 116418 "-" "Mozilla/5.0 (compatible; MJ12bot/v1.4.8; http://mj12bot.com/)"
172.68.175.105 - - [06/Jul/2026:05:36:36 +0300] "GET /images/tn/uploads/2021/06/Kazada-olen-polis-memuru-Osmaniyede-topraga-verildi.jpg HTTP/1.1" 200 230827 "-" "Mozilla/5.0 (Macintosh; Intel Mac OS X 10_13_6) AppleWebKit/537.36 (KHTML, like Gecko) Chrome/78.0.3904.108 Safari/537.36"
141.101.68.59 - - [06/Jul/2026:05:36:37 +0300] "GET /haber/osmaniyede-13-ilden-332-sporcu-bilek-guresi-heyecani-basladi-26488 HTTP/1.1" 200 117956 "-" "Mozilla/5.0 (compatible; MJ12bot/v1.4.8; http://mj12bot.com/)"
141.101.68.59 - - [06/Jul/2026:05:36:38 +0300] "GET /haber/tarimsal-kuraklikla-mucadele-icin-osmaniyede-onemli-toplanti-21124 HTTP/1.1" 200 116594 "-" "Mozilla/5.0 (compatible; MJ12bot/v1.4.8; http://mj12bot.com/)"
141.101.68.59 - - [06/Jul/2026:05:36:40 +0300] "GET /haber/tarsus-doga-parkini-kurban-bayraminda-16-bin-kisi-ziyaret-etti-15227 HTTP/1.1" 200 114844 "-" "Mozilla/5.0 (compatible; MJ12bot/v1.4.8; http://mj12bot.com/)"
104.22.105.52 - - [06/Jul/2026:05:36:41 +0300] "GET /amp/kadirli-vefat-edenler-7-subat-2026-26406 HTTP/1.1" 200 58963 "-" "Mozilla/5.0 (Linux; Android 6.0.1; Nexus 5X Build/MMB29P) AppleWebKit/537.36 (KHTML, like Gecko) Chrome/150.0.7871.46 Mobile Safari/537.36 (compatible; Googlebot/2.1; +http://www.google.com/bot.html)"
104.22.104.58 - - [06/Jul/2026:05:36:42 +0300] "GET /amp/mersinde-ozel-gereksinimli-genc-kiza-temsili-dugunle-dogum-gunu-kutlamasi-17524 HTTP/1.1" 200 59477 "-" "meta-externalagent/1.1 (+https://developers.facebook.com/docs/sharing/webmasters/crawler)"
141.101.68.59 - - [06/Jul/2026:05:36:42 +0300] "GET /kahramanmaras?page=15 HTTP/1.1" 200 101431 "-" "Mozilla/5.0 (compatible; MJ12bot/v1.4.8; http://mj12bot.com/)"
172.71.195.123 - - [06/Jul/2026:05:36:43 +0300] "GET /images/haberler/1724272203-382051276.jpg HTTP/1.1" 200 159242 "https://haberosmaniye.com/amp/mersinde-ozel-gereksinimli-genc-kiza-temsili-dugunle-dogum-gunu-kutlamasi-17524" "meta-externalagent/1.1 (+https://developers.facebook.com/docs/sharing/webmasters/crawler)"
104.22.105.52 - - [06/Jul/2026:05:36:44 +0300] "GET /haber/osmaniyede-firari-zanli-yakalandi-24911 HTTP/1.1" 200 114752 "-" "Mozilla/5.0 (compatible; SemrushBot/7~bl; +http://www.semrush.com/bot.html)"
104.23.209.229 - - [06/Jul/2026:05:36:45 +0300] "GET /haber/hatayda-aydinlatma-diregine-carpan-hafif-ticari-aractaki-3-kisi-yaralandi-16012 HTTP/1.1" 200 114911 "-" "meta-externalagent/1.1 (+https://developers.facebook.com/docs/sharing/webmasters/crawler)"
172.69.128.183 - - [06/Jul/2026:05:36:45 +0300] "GET /etiketler/sehit-binbasi-haberleri HTTP/1.1" 200 47798 "-" "Mozilla/5.0 (Windows NT 10.0; WOW64) AppleWebKit/537.36 (KHTML, like Gecko) Chrome/96.0.4664.45 Safari/537.36"
172.68.151.79 - - [06/Jul/2026:05:36:46 +0300] "GET /editorler/haber-osmaniye-13?page=86 HTTP/1.1" 200 77854 "-" "Mozilla/5.0 (compatible; Barkrowler/0.9; +https://babbar.tech/crawler)"
172.71.195.42 - - [06/Jul/2026:05:36:47 +0300] "GET /haber/duzicinde-ogrenci-ve-velilere-siber-dolandiricilik-egitimi-verildi-22946 HTTP/1.1" 200 117621 "-" "Mozilla/5.0 (compatible; SemrushBot/7~bl; +http://www.semrush.com/bot.html)"
162.158.210.110 - - [06/Jul/2026:05:36:48 +0300] "GET /rss/genel-0 HTTP/1.1" 200 279150 "-" "Mozilla/5.0 (Windows NT 10.0; Win64; x64) Newsly-RSS-Bot"
104.22.100.78 - - [06/Jul/2026:05:36:49 +0300] "GET /haber/osmaniye-saglikta-kaliteyi-yukseltiyor-anne-dostu-hastane-unvani-20768 HTTP/1.1" 200 118276 "-" "Mozilla/5.0 (compatible; SemrushBot/7~bl; +http://www.semrush.com/bot.html)"
162.159.115.26 - - [06/Jul/2026:05:36:50 +0300] "GET /haber/chpnin-beklenen-ismi-asu-kaya-gedik-aday-adayligini-acikladi-8729 HTTP/1.1" 200 119208 "-" "Mozilla/5.0 AppleWebKit/537.36 (KHTML, like Gecko; compatible; ClaudeBot/1.0; +claudebot@anthropic.com)"
172.71.195.129 - - [06/Jul/2026:05:36:50 +0300] "GET /images/haberler/2025/10/osmaniyede-chp-il-kongresi-itirazlar-uzerine-ertelendi-1760873998.jpg HTTP/1.1" 200 163979 "-" "Mozilla/5.0 AppleWebKit/537.36 (KHTML, like Gecko; compatible; bingbot/2.0; +http://www.bing.com/bingbot.htm) Chrome/116.0.1938.76 Safari/537.36"
172.69.251.132 - - [06/Jul/2026:05:36:51 +0300] "GET / HTTP/1.1" 200 114668 "-" "axios/1.6.7"
162.158.230.103 - - [06/Jul/2026:05:36:53 +0300] "GET /haber/adanada-hamile-kadinin-oldugu-kazaya-karisan-otobusun-soforu-tutuklandi-13234 HTTP/1.1" 200 116415 "-" "weborama-fetcher (+http://www.weborama.com)"
162.158.210.110 - - [06/Jul/2026:05:36:55 +0300] "GET /rss/genel-0 HTTP/1.1" 200 279103 "-" "Mozilla/5.0 (Windows NT 10.0; Win64; x64; rv:122.0) Gecko/20100101 Firefox/122.0"
172.70.38.232 - - [06/Jul/2026:05:36:58 +0300] "GET /haber/pozantida-bisiklet-sporculari-kurtulus-torenine-turk-bayragi-tasiyacak-10157 HTTP/1.1" 200 117928 "-" "Mozilla/5.0 (compatible; SemrushBot/7~bl; +http://www.semrush.com/bot.html)"
172.70.38.232 - - [06/Jul/2026:05:37:01 +0300] "GET /haber/fermuar-sistemi-ile-ambulansa-yol-ver-kampanyasi-osmaniyede-basliyor-21241 HTTP/1.1" 200 118615 "-" "Mozilla/5.0 (compatible; SemrushBot/7~bl; +http://www.semrush.com/bot.html)"
162.159.115.26 - - [06/Jul/2026:05:37:01 +0300] "GET /amp/adanada-kayip-olarak-aranan-kisi-sulama-kanalinda-olu-bulundu-12048 HTTP/1.1" 200 58644 "-" "Mozilla/5.0 AppleWebKit/537.36 (KHTML, like Gecko; compatible; ClaudeBot/1.0; +claudebot@anthropic.com)"
172.68.151.79 - - [06/Jul/2026:05:37:02 +0300] "GET /editorler/haber-osmaniye-13?page=81 HTTP/1.1" 200 77730 "-" "Mozilla/5.0 (compatible; Barkrowler/0.9; +https://babbar.tech/crawler)"
104.22.105.52 - - [06/Jul/2026:05:37:03 +0300] "GET /haber/oku-ve-il-saglik-mudurlugunden-ruh-sagligi-gunu-etkinligi-9559 HTTP/1.1" 200 116759 "-" "Mozilla/5.0 (compatible; SemrushBot/7~bl; +http://www.semrush.com/bot.html)"
104.22.66.156 - - [06/Jul/2026:05:37:05 +0300] "GET /haber/bahcespor-zorlu-deplasmandan-3-puanla-dondu-20228 HTTP/1.1" 200 115158 "https://www.haberosmaniye.com/haber/ebru-yasar-antalya-kultur-yolu-festivalinde-konser-verdi-20227" "Mozilla/5.0 (Linux; Android 7.0;) AppleWebKit/537.36 (HTML, like Gecko) Mobile Safari/537.36 (compatible; PetalBot;+https://webmaster.petalsearch.com/site/petalbot)"
104.22.100.78 - - [06/Jul/2026:05:37:08 +0300] "GET /haber/mersinde-oldurulen-ozgecan-aslan-mezari-basinda-anildi-20992 HTTP/1.1" 200 115616 "-" "Mozilla/5.0 (compatible; SemrushBot/7~bl; +http://www.semrush.com/bot.html)"
108.162.245.217 - - [06/Jul/2026:05:37:08 +0300] "GET /haber/kadirli-vefat-edenler-9-nisan-2025-23390 HTTP/1.1" 200 112984 "-" "Mozilla/5.0 (compatible; DotBot/1.2; +https://opensiteexplorer.org/dotbot; help@moz.com)"
172.69.78.152 - - [06/Jul/2026:05:37:11 +0300] "GET /hasanbeyli?page=2 HTTP/1.1" 200 98118 "-" "Mozilla/5.0 (Windows NT 10.0; Win64; x64) AppleWebKit/537.36 (KHTML, like Gecko) Chrome/73.0.3683.86 Safari/537.36"
172.71.232.67 - - [06/Jul/2026:05:37:17 +0300] "GET /editorler/haber-osmaniye-13?page=42 HTTP/1.1" 200 78781 "-" "Mozilla/5.0 (compatible; Barkrowler/0.9; +https://babbar.tech/crawler)"
172.71.150.171 - - [06/Jul/2026:05:37:20 +0300] "GET /makale/sov-siyaseti-hizmetin-onune-gecmemeli-622 HTTP/1.1" 200 84673 "-" "Mozilla/5.0 (compatible; DotBot/1.2; +https://opensiteexplorer.org/dotbot; help@moz.com)"
104.23.223.47 - - [06/Jul/2026:05:37:22 +0300] "GET /haber/osmaniyeye-28-hekim-kadrosu-tahsis-edildi-26873 HTTP/1.1" 200 115611 "-" "Mozilla/5.0 (compatible; Googlebot/2.1; +http://www.google.com/bot.html)"
172.69.251.132 - - [06/Jul/2026:05:37:23 +0300] "GET / HTTP/1.1" 200 114654 "-" "axios/1.6.7"
104.23.213.101 - - [06/Jul/2026:05:37:26 +0300] "GET /haber/antalya-kultur-yolu-festivali-etkinliklerle-devam-etti-20313 HTTP/1.1" 200 117651 "-" "meta-externalagent/1.1 (+https://developers.facebook.com/docs/sharing/webmasters/crawler)"
172.71.222.231 - - [06/Jul/2026:05:37:30 +0300] "GET / HTTP/1.1" 200 114672 "-" "Mozilla/5.0 (Linux; Android 6.0.1; Nexus 5X Build/MMB29P) AppleWebKit/537.36 (KHTML, like Gecko) Chrome/150.0.7871.46 Mobile Safari/537.36 (compatible; Googlebot/2.1; +http://www.google.com/bot.html)"
172.68.151.79 - - [06/Jul/2026:05:37:33 +0300] "GET /editorler/haber-osmaniye-13?page=78 HTTP/1.1" 200 77609 "-" "Mozilla/5.0 (compatible; Barkrowler/0.9; +https://babbar.tech/crawler)"
104.23.211.7 - - [06/Jul/2026:05:37:33 +0300] "GET /haber/kahramanmarasta-agaclik-alanda-cikan-yangin-kontrol-altina-alindi-15247 HTTP/1.1" 200 114559 "-" "meta-externalagent/1.1 (+https://developers.facebook.com/docs/sharing/webmasters/crawler)"
104.22.93.48 - - [06/Jul/2026:05:37:33 +0300] "GET /roportajlar HTTP/1.1" 200 47244 "-" "Mozilla/5.0 (compatible; SemrushBot/7~bl; +http://www.semrush.com/bot.html)"
172.71.191.52 - - [06/Jul/2026:05:37:36 +0300] "GET /haber/hatayda-bir-lastik-deposunda-cikan-yangin-sonduruldu-20632 HTTP/1.1" 200 115195 "-" "Mozilla/5.0 (compatible; SemrushBot/7~bl; +http://www.semrush.com/bot.html)"
172.71.191.52 - - [06/Jul/2026:05:37:40 +0300] "GET /haber/turkiye-yuzyili-maarif-modeli-osmaniyede-masaya-yatirildi-18570 HTTP/1.1" 200 116902 "-" "Mozilla/5.0 (compatible; SemrushBot/7~bl; +http://www.semrush.com/bot.html)"
172.69.176.123 - - [06/Jul/2026:05:37:40 +0300] "GET /haber/artci-sarsintilar-devam-ediyor-8640 HTTP/1.1" 200 113400 "https://www.haberosmaniye.com/haber/cadir-kentler-ilaclanip-dezenfekte-ediliyor-8641" "Mozilla/5.0 (Linux; Android 7.0;) AppleWebKit/537.36 (HTML, like Gecko) Mobile Safari/537.36 (compatible; PetalBot;+https://webmaster.petalsearch.com/site/petalbot)"
104.22.105.52 - - [06/Jul/2026:05:37:41 +0300] "GET /rss/genel-0 HTTP/1.1" 200 279101 "-" "Mozilla/5.0 (compatible; Googlebot/2.1; +http://www.google.com/bot.html)"
104.23.237.44 - - [06/Jul/2026:05:37:44 +0300] "GET /public/haber/osmaniyede-deas-operasyonu-9-supheli-tutuklandi-26043 HTTP/1.1" 200 117530 "-" "Mozilla/5.0 (Windows NT 4.0; WOW64) AppleWebKit/537.36 (KHTML, like Gecko) Chrome/37.0.2049.0 Safari/537.36"
172.70.175.119 - - [06/Jul/2026:05:37:44 +0300] "GET /haber/il-muftusu-dr-ahat-tascidan-guvenc-camii-kuran-kurslarina-ziyaret-26607 HTTP/1.1" 200 116853 "-" "Mozilla/5.0 (compatible; Pinterestbot/1.0; +http://www.pinterest.com/bot.html)"
172.71.130.149 - - [06/Jul/2026:05:37:48 +0300] "GET /editorler/haber-osmaniye-13?page=69 HTTP/1.1" 200 77822 "-" "Mozilla/5.0 (compatible; Barkrowler/0.9; +https://babbar.tech/crawler)"
172.68.245.36 - - [06/Jul/2026:05:37:50 +0300] "GET /haber/osmaniyede-su-sikintisina-belediye-mudahalesi-24522 HTTP/1.1" 200 115436 "-" "meta-externalagent/1.1 (+https://developers.facebook.com/docs/sharing/webmasters/crawler)"
104.22.100.76 - - [06/Jul/2026:05:37:56 +0300] "GET /haber/antalyada-bir-kisi-konteynerde-olu-bulundu-18234 HTTP/1.1" 200 113961 "-" "meta-externalagent/1.1 (+https://developers.facebook.com/docs/sharing/webmasters/crawler)"
172.69.17.152 - - [06/Jul/2026:05:37:58 +0300] "GET /haber/baskan-yesildemir-eskisehir-valisi-yilmaz-ile-bir-araya-geldi-27009 HTTP/1.1" 200 116143 "-" "Mozilla/5.0 (Macintosh; Intel Mac OS X 10_15_7) AppleWebKit/605.1.15 (KHTML, like Gecko) Version/17.4 Safari/605.1.15 (Applebot/0.1; +http://www.apple.com/go/applebot)"
104.22.104.59 - - [06/Jul/2026:05:38:00 +0300] "GET /haber/serikte-hurdalikta-cikan-yangin-sonduruldu-19215 HTTP/1.1" 200 113860 "-" "meta-externalagent/1.1 (+https://developers.facebook.com/docs/sharing/webmasters/crawler)"
