104.23.243.246 - - [07/Jul/2026:05:53:18 +0300] "GET /haber/osmaniyede-ramazan-kolilerine-siki-takip-22993 HTTP/1.1" 200 114877 "-" "Mozilla/5.0 AppleWebKit/537.36 (KHTML, like Gecko; compatible; ClaudeBot/1.0; +claudebot@anthropic.com)"
104.23.243.246 - - [07/Jul/2026:05:53:18 +0300] "GET /haber/kaya-kadina-siddet-endise-verici-boyutlarda-19645 HTTP/1.1" 200 115662 "-" "Mozilla/5.0 AppleWebKit/537.36 (KHTML, like Gecko; compatible; ClaudeBot/1.0; +claudebot@anthropic.com)"
104.23.243.246 - - [07/Jul/2026:05:53:18 +0300] "GET /haber/osmaniyede-yayla-grup-yolu-asfaltlandi-24493 HTTP/1.1" 200 114414 "-" "Mozilla/5.0 AppleWebKit/537.36 (KHTML, like Gecko; compatible; ClaudeBot/1.0; +claudebot@anthropic.com)"
104.23.243.246 - - [07/Jul/2026:05:53:18 +0300] "GET /haber/sehit-ogretmen-yasemin-tekin-kabri-basinda-anildi-6209 HTTP/1.1" 200 114539 "-" "Mozilla/5.0 AppleWebKit/537.36 (KHTML, like Gecko; compatible; ClaudeBot/1.0; +claudebot@anthropic.com)"
104.23.243.246 - - [07/Jul/2026:05:53:19 +0300] "GET /haber/hatayda-evde-cikan-yanginda-2-kisi-dumandan-etkilendi-20844 HTTP/1.1" 200 113905 "-" "Mozilla/5.0 AppleWebKit/537.36 (KHTML, like Gecko; compatible; ClaudeBot/1.0; +claudebot@anthropic.com)"
104.23.243.246 - - [07/Jul/2026:05:53:19 +0300] "GET /haber/osmaniyede-sular-analiz-edildi-nitrat-tehlikesi-yok-23629 HTTP/1.1" 200 113924 "-" "Mozilla/5.0 AppleWebKit/537.36 (KHTML, like Gecko; compatible; ClaudeBot/1.0; +claudebot@anthropic.com)"
104.23.243.246 - - [07/Jul/2026:05:53:19 +0300] "GET /haber/hatayda-agaca-carpan-motosikletin-surucusu-oldu-10088 HTTP/1.1" 200 113640 "-" "Mozilla/5.0 AppleWebKit/537.36 (KHTML, like Gecko; compatible; ClaudeBot/1.0; +claudebot@anthropic.com)"
104.23.243.246 - - [07/Jul/2026:05:53:19 +0300] "GET /haber/burdurda-etkili-olan-siddetli-ruzgarda-seralar-zarar-gordu-14356 HTTP/1.1" 200 113611 "-" "Mozilla/5.0 AppleWebKit/537.36 (KHTML, like Gecko; compatible; ClaudeBot/1.0; +claudebot@anthropic.com)"
104.23.243.246 - - [07/Jul/2026:05:53:19 +0300] "GET /haber/kahramanmarasta-50-kilogram-uyusturucu-ele-gecirildi-19728 HTTP/1.1" 200 113156 "-" "Mozilla/5.0 AppleWebKit/537.36 (KHTML, like Gecko; compatible; ClaudeBot/1.0; +claudebot@anthropic.com)"
104.23.243.246 - - [07/Jul/2026:05:53:19 +0300] "GET /haber/sma-hastasi-duru-bebek-icin-yardim-kampanyasi-7512 HTTP/1.1" 200 114022 "-" "Mozilla/5.0 AppleWebKit/537.36 (KHTML, like Gecko; compatible; ClaudeBot/1.0; +claudebot@anthropic.com)"
104.23.243.246 - - [07/Jul/2026:05:53:19 +0300] "GET /haber/hatayda-esini-bicakla-yaralayan-sanik-hakim-karsisinda-18690 HTTP/1.1" 200 116985 "-" "Mozilla/5.0 AppleWebKit/537.36 (KHTML, like Gecko; compatible; ClaudeBot/1.0; +claudebot@anthropic.com)"
104.23.243.246 - - [07/Jul/2026:05:53:19 +0300] "GET /haber/osmaniyede-motorlu-tasit-sayisi-234-bini-asti-24159 HTTP/1.1" 200 113833 "-" "Mozilla/5.0 AppleWebKit/537.36 (KHTML, like Gecko; compatible; ClaudeBot/1.0; +claudebot@anthropic.com)"
104.23.243.246 - - [07/Jul/2026:05:53:19 +0300] "GET /haber/serik-sehir-gecisinde-akilli-kavsak-sistemine-gecilecek-21842 HTTP/1.1" 200 113943 "-" "Mozilla/5.0 AppleWebKit/537.36 (KHTML, like Gecko; compatible; ClaudeBot/1.0; +claudebot@anthropic.com)"
104.23.243.246 - - [07/Jul/2026:05:53:19 +0300] "GET /haber/okude-dede-korkut-korkut-ata-sempozyumu-yapilacak-25428 HTTP/1.1" 200 114485 "-" "Mozilla/5.0 AppleWebKit/537.36 (KHTML, like Gecko; compatible; ClaudeBot/1.0; +claudebot@anthropic.com)"
104.23.243.246 - - [07/Jul/2026:05:53:20 +0300] "GET /haber/antalyada-cesitli-suclardan-aranan-540-supheli-yakalandi-21221 HTTP/1.1" 200 113621 "-" "Mozilla/5.0 AppleWebKit/537.36 (KHTML, like Gecko; compatible; ClaudeBot/1.0; +claudebot@anthropic.com)"
104.23.243.246 - - [07/Jul/2026:05:53:20 +0300] "GET /haber/kadin-sweatshirt-rahatlik-ve-sikligin-en-rahat-hali-22093 HTTP/1.1" 200 115529 "-" "Mozilla/5.0 AppleWebKit/537.36 (KHTML, like Gecko; compatible; ClaudeBot/1.0; +claudebot@anthropic.com)"
104.23.243.246 - - [07/Jul/2026:05:53:20 +0300] "GET /haber/antalyada-duzenlenen-domates-ihtisas-fuari-sona-erdi-10482 HTTP/1.1" 200 113635 "-" "Mozilla/5.0 AppleWebKit/537.36 (KHTML, like Gecko; compatible; ClaudeBot/1.0; +claudebot@anthropic.com)"
104.23.243.246 - - [07/Jul/2026:05:53:20 +0300] "GET /haber/baskan-olcar-chp-andirin-kongresine-divan-baskani-oldu-24985 HTTP/1.1" 200 114822 "-" "Mozilla/5.0 AppleWebKit/537.36 (KHTML, like Gecko; compatible; ClaudeBot/1.0; +claudebot@anthropic.com)"
162.158.167.78 - - [07/Jul/2026:05:53:20 +0300] "GET /public/images/haberler/1729775402-553826373.jpg HTTP/1.1" 200 2394 "https://www.haberosmaniye.com/public/haber/burdurda-park-halindeki-otomobili-caldigi-iddia-edilen-zanli-tutuklandi-19840" "Mozilla/5.0 (Linux; Android 6.0; Nexus 5 Build/MRA58N) AppleWebKit/537.36 (KHTML, like Gecko) Chrome/65.0.3325.181 Mobile Safari/537.36"
104.22.17.107 - - [07/Jul/2026:05:53:20 +0300] "GET /public/images/tn/1729776003-1509592916.jpg HTTP/1.1" 200 2389 "https://www.haberosmaniye.com/public/haber/burdurda-park-halindeki-otomobili-caldigi-iddia-edilen-zanli-tutuklandi-19840" "Mozilla/5.0 (Linux; Android 6.0; Nexus 5 Build/MRA58N) AppleWebKit/537.36 (KHTML, like Gecko) Chrome/65.0.3325.181 Mobile Safari/537.36"
104.22.17.78 - - [07/Jul/2026:05:53:20 +0300] "GET /public/images/tn/1729773309-428538554.jpg HTTP/1.1" 200 2388 "https://www.haberosmaniye.com/public/haber/burdurda-park-halindeki-otomobili-caldigi-iddia-edilen-zanli-tutuklandi-19840" "Mozilla/5.0 (Linux; Android 6.0; Nexus 5 Build/MRA58N) AppleWebKit/537.36 (KHTML, like Gecko) Chrome/65.0.3325.181 Mobile Safari/537.36"
104.23.243.246 - - [07/Jul/2026:05:53:20 +0300] "GET /haber/osmaniyede-7-akdeniz-sanat-gunleri-basliyor-25223 HTTP/1.1" 200 114170 "-" "Mozilla/5.0 AppleWebKit/537.36 (KHTML, like Gecko; compatible; ClaudeBot/1.0; +claudebot@anthropic.com)"
104.23.243.246 - - [07/Jul/2026:05:53:20 +0300] "GET /haber/arsuzda-otluk-alanda-cikan-yangin-sonduruldu-16710 HTTP/1.1" 200 112463 "-" "Mozilla/5.0 AppleWebKit/537.36 (KHTML, like Gecko; compatible; ClaudeBot/1.0; +claudebot@anthropic.com)"
104.23.243.246 - - [07/Jul/2026:05:53:20 +0300] "GET /haber/protokol-uyelerinden-il-emniyet-mudurune-ziyaret-23405 HTTP/1.1" 200 114746 "-" "Mozilla/5.0 AppleWebKit/537.36 (KHTML, like Gecko; compatible; ClaudeBot/1.0; +claudebot@anthropic.com)"
104.23.243.246 - - [07/Jul/2026:05:53:20 +0300] "GET /haber/o-beldede-yeni-universite-kazanan-gencler-yasadi-24860 HTTP/1.1" 200 114561 "-" "Mozilla/5.0 AppleWebKit/537.36 (KHTML, like Gecko; compatible; ClaudeBot/1.0; +claudebot@anthropic.com)"
198.41.230.204 - - [07/Jul/2026:05:53:20 +0300] "GET /editorler/aa-14 HTTP/1.1" 200 76583 "-" "Mozilla/5.0 (Windows NT 10.0; WOW64) AppleWebKit/537.36 (KHTML, like Gecko) Chrome/80.0.3987.106 Safari/537.36"
104.23.243.246 - - [07/Jul/2026:05:53:20 +0300] "GET /haber/adanada-kendisini-avukat-olarak-tanitan-kisi-tutuklandi-12558 HTTP/1.1" 200 113599 "-" "Mozilla/5.0 AppleWebKit/537.36 (KHTML, like Gecko; compatible; ClaudeBot/1.0; +claudebot@anthropic.com)"
104.23.243.246 - - [07/Jul/2026:05:53:20 +0300] "GET /haber/chpli-kaya-bu-bakan-aileyi-de-kadini-da-anlamiyor-23589 HTTP/1.1" 200 116028 "-" "Mozilla/5.0 AppleWebKit/537.36 (KHTML, like Gecko; compatible; ClaudeBot/1.0; +claudebot@anthropic.com)"
104.23.243.246 - - [07/Jul/2026:05:53:20 +0300] "GET /haber/osmaniyede-teror-orgutu-deas-operasyonunda-2-supheli-yakalandi-16233 HTTP/1.1" 200 112444 "-" "Mozilla/5.0 AppleWebKit/537.36 (KHTML, like Gecko; compatible; ClaudeBot/1.0; +claudebot@anthropic.com)"
104.23.243.246 - - [07/Jul/2026:05:53:21 +0300] "GET /haber/belende-orman-yanginlari-mucadele-komisyonu-toplantisi-yapildi-13673 HTTP/1.1" 200 112628 "-" "Mozilla/5.0 AppleWebKit/537.36 (KHTML, like Gecko; compatible; ClaudeBot/1.0; +claudebot@anthropic.com)"
104.23.243.246 - - [07/Jul/2026:05:53:21 +0300] "GET /haber/osmaniyede-gorev-yapacak-baskanlar-belli-oldu-12782 HTTP/1.1" 200 113581 "-" "Mozilla/5.0 AppleWebKit/537.36 (KHTML, like Gecko; compatible; ClaudeBot/1.0; +claudebot@anthropic.com)"
104.23.243.246 - - [07/Jul/2026:05:53:21 +0300] "GET /haber/kadem-baskani-gumrukcuoglu-depremzede-kadinlarla-bulustu-10954 HTTP/1.1" 200 116239 "-" "Mozilla/5.0 AppleWebKit/537.36 (KHTML, like Gecko; compatible; ClaudeBot/1.0; +claudebot@anthropic.com)"
104.23.243.246 - - [07/Jul/2026:05:53:21 +0300] "GET /haber/okude-genclik-ve-sosyal-medya-konusuldu-7516 HTTP/1.1" 200 112980 "-" "Mozilla/5.0 AppleWebKit/537.36 (KHTML, like Gecko; compatible; ClaudeBot/1.0; +claudebot@anthropic.com)"
104.23.243.246 - - [07/Jul/2026:05:53:21 +0300] "GET /haber/chp-genel-baskani-ozgur-ozel-kepezde-vatandaslarla-bulustu-19071 HTTP/1.1" 200 114896 "-" "Mozilla/5.0 AppleWebKit/537.36 (KHTML, like Gecko; compatible; ClaudeBot/1.0; +claudebot@anthropic.com)"
104.23.243.246 - - [07/Jul/2026:05:53:21 +0300] "GET /haber/bakan-ersoy-side-antik-kentinde-incelemede-bulundu-16071 HTTP/1.1" 200 116988 "-" "Mozilla/5.0 AppleWebKit/537.36 (KHTML, like Gecko; compatible; ClaudeBot/1.0; +claudebot@anthropic.com)"
104.23.243.246 - - [07/Jul/2026:05:53:21 +0300] "GET /haber/kadirlide-anne-bebek-sagligina-ozel-proje-26448 HTTP/1.1" 200 114684 "-" "Mozilla/5.0 AppleWebKit/537.36 (KHTML, like Gecko; compatible; ClaudeBot/1.0; +claudebot@anthropic.com)"
104.22.104.176 - - [07/Jul/2026:05:53:21 +0300] "GET /hava-durumu/ajax?sehir_isim=80 HTTP/1.1" 200 3047 "https://www.haberosmaniye.com/" "Mozilla/5.0 AppleWebKit/537.36 (KHTML, like Gecko; compatible; Googlebot/2.1; +http://www.google.com/bot.html) Chrome/149.0.7827.200 Safari/537.36"
104.23.243.246 - - [07/Jul/2026:05:53:21 +0300] "GET /haber/mersinde-20-cocuk-icin-sunnet-toreni-duzenlendi-22033 HTTP/1.1" 200 114824 "-" "Mozilla/5.0 AppleWebKit/537.36 (KHTML, like Gecko; compatible; ClaudeBot/1.0; +claudebot@anthropic.com)"
104.23.243.246 - - [07/Jul/2026:05:53:21 +0300] "GET /haber/bakan-ersoy-kastabala-antik-kentini-inceledi-26806 HTTP/1.1" 200 114049 "-" "Mozilla/5.0 AppleWebKit/537.36 (KHTML, like Gecko; compatible; ClaudeBot/1.0; +claudebot@anthropic.com)"
104.23.243.246 - - [07/Jul/2026:05:53:21 +0300] "GET /haber/kahramanmarastan-suriyeye-1-tir-su-gonderildi-21452 HTTP/1.1" 200 114258 "-" "Mozilla/5.0 AppleWebKit/537.36 (KHTML, like Gecko; compatible; ClaudeBot/1.0; +claudebot@anthropic.com)"
104.23.243.246 - - [07/Jul/2026:05:53:22 +0300] "GET /haber/osmaniyede-narenciye-ureticilerine-biyolojik-mucadele-egitimi-26547 HTTP/1.1" 200 115321 "-" "Mozilla/5.0 AppleWebKit/537.36 (KHTML, like Gecko; compatible; ClaudeBot/1.0; +claudebot@anthropic.com)"
104.23.243.246 - - [07/Jul/2026:05:53:22 +0300] "GET /haber/guvercin-hirsizlari-yakayi-ele-verdi-26617 HTTP/1.1" 200 113677 "-" "Mozilla/5.0 AppleWebKit/537.36 (KHTML, like Gecko; compatible; ClaudeBot/1.0; +claudebot@anthropic.com)"
104.23.243.246 - - [07/Jul/2026:05:53:22 +0300] "GET /haber/osmaniyede-kalp-sagligi-farkindaligi-26840 HTTP/1.1" 200 114937 "-" "Mozilla/5.0 AppleWebKit/537.36 (KHTML, like Gecko; compatible; ClaudeBot/1.0; +claudebot@anthropic.com)"
104.23.243.246 - - [07/Jul/2026:05:53:22 +0300] "GET /haber/dernek-yoneticilerine-yonetmelik-degisikligi-anlatildi-6257 HTTP/1.1" 200 114899 "-" "Mozilla/5.0 AppleWebKit/537.36 (KHTML, like Gecko; compatible; ClaudeBot/1.0; +claudebot@anthropic.com)"
104.23.243.246 - - [07/Jul/2026:05:53:22 +0300] "GET /haber/kadirlide-halk-ekmek-fabrikasi-kuruluyor-26770 HTTP/1.1" 200 114595 "-" "Mozilla/5.0 AppleWebKit/537.36 (KHTML, like Gecko; compatible; ClaudeBot/1.0; +claudebot@anthropic.com)"
104.23.243.246 - - [07/Jul/2026:05:53:22 +0300] "GET /haber/osmaniyede-vefat-edenler-9-aralik-2024-21451 HTTP/1.1" 200 112221 "-" "Mozilla/5.0 AppleWebKit/537.36 (KHTML, like Gecko; compatible; ClaudeBot/1.0; +claudebot@anthropic.com)"
104.23.243.246 - - [07/Jul/2026:05:53:22 +0300] "GET /haber/ellek-beldesinde-toki-konutlari-tamamlanmak-uzere-9026 HTTP/1.1" 200 114390 "-" "Mozilla/5.0 AppleWebKit/537.36 (KHTML, like Gecko; compatible; ClaudeBot/1.0; +claudebot@anthropic.com)"
104.23.243.246 - - [07/Jul/2026:05:53:22 +0300] "GET /haber/tasarim-mobilya-urunlerinin-dekorasyondaki-yeri-18297 HTTP/1.1" 200 117565 "-" "Mozilla/5.0 AppleWebKit/537.36 (KHTML, like Gecko; compatible; ClaudeBot/1.0; +claudebot@anthropic.com)"
172.69.222.238 - - [07/Jul/2026:05:53:23 +0300] "GET /amp/adalet-bakani-yilmaz-tunc-adanada-konustu-12415 HTTP/1.1" 200 64420 "-" "Mozilla/5.0 (compatible; Barkrowler/0.9; +https://babbar.tech/crawler)"
104.23.243.246 - - [07/Jul/2026:05:53:22 +0300] "GET /haber/duzici-khgb-meclis-toplantisi-yapildi-6254 HTTP/1.1" 200 112317 "-" "Mozilla/5.0 AppleWebKit/537.36 (KHTML, like Gecko; compatible; ClaudeBot/1.0; +claudebot@anthropic.com)"
104.23.243.246 - - [07/Jul/2026:05:53:23 +0300] "GET /haber/osmaniyede-cadde-ve-sokaklar-yine-sakindi-95 HTTP/1.1" 200 111575 "-" "Mozilla/5.0 AppleWebKit/537.36 (KHTML, like Gecko; compatible; ClaudeBot/1.0; +claudebot@anthropic.com)"
104.23.243.246 - - [07/Jul/2026:05:53:23 +0300] "GET /haber/alanyada-kacakcilik-operasyonunda-1-supheli-yakalandi-20200 HTTP/1.1" 200 113742 "-" "Mozilla/5.0 AppleWebKit/537.36 (KHTML, like Gecko; compatible; ClaudeBot/1.0; +claudebot@anthropic.com)"
104.23.243.246 - - [07/Jul/2026:05:53:22 +0300] "GET /haber/hasanbeylide-buyuk-donusum-tamamlaniyor-26758 HTTP/1.1" 200 113938 "-" "Mozilla/5.0 AppleWebKit/537.36 (KHTML, like Gecko; compatible; ClaudeBot/1.0; +claudebot@anthropic.com)"
104.23.243.246 - - [07/Jul/2026:05:53:23 +0300] "GET /haber/hatayda-3-aracin-karistigi-kazada-4-kisi-yaralandi-12242 HTTP/1.1" 200 113045 "-" "Mozilla/5.0 AppleWebKit/537.36 (KHTML, like Gecko; compatible; ClaudeBot/1.0; +claudebot@anthropic.com)"
104.23.243.246 - - [07/Jul/2026:05:53:23 +0300] "GET /haber/osmaniye-devlet-hastanesine-yeni-cihazlar-geldi-6758 HTTP/1.1" 200 112960 "-" "Mozilla/5.0 AppleWebKit/537.36 (KHTML, like Gecko; compatible; ClaudeBot/1.0; +claudebot@anthropic.com)"
108.162.227.32 - - [07/Jul/2026:05:53:23 +0300] "GET /etiketler/engelliler-gunu-haberleri HTTP/1.1" 200 56682 "-" "Mozilla/5.0 (Windows NT 10.0; Win64; x64) AppleWebKit/537.36 (KHTML, like Gecko) Brave Chrome/79.0.3945.88 Safari/537.36"
104.23.243.246 - - [07/Jul/2026:05:53:23 +0300] "GET /haber/universiteli-genc-kalp-nakli-olarak-hayallerine-kapi-araladi-20422 HTTP/1.1" 200 116152 "-" "Mozilla/5.0 AppleWebKit/537.36 (KHTML, like Gecko; compatible; ClaudeBot/1.0; +claudebot@anthropic.com)"
104.23.243.246 - - [07/Jul/2026:05:53:23 +0300] "GET /haber/adanada-deterjan-paketinde-13-ruhsatsiz-tabanca-ele-gecirildi-16047 HTTP/1.1" 200 112772 "-" "Mozilla/5.0 AppleWebKit/537.36 (KHTML, like Gecko; compatible; ClaudeBot/1.0; +claudebot@anthropic.com)"
104.23.243.246 - - [07/Jul/2026:05:53:23 +0300] "GET /haber/kahramanmaras-umke-ekibi-arama-kurtarma-tatbikati-yapti-14105 HTTP/1.1" 200 114236 "-" "Mozilla/5.0 AppleWebKit/537.36 (KHTML, like Gecko; compatible; ClaudeBot/1.0; +claudebot@anthropic.com)"
104.23.243.246 - - [07/Jul/2026:05:53:23 +0300] "GET /haber/golhisarda-gonul-bahcesi-yardim-kampanyasi-baslatildi-18047 HTTP/1.1" 200 114135 "-" "Mozilla/5.0 AppleWebKit/537.36 (KHTML, like Gecko; compatible; ClaudeBot/1.0; +claudebot@anthropic.com)"
162.158.210.202 - - [07/Jul/2026:05:53:25 +0300] "GET /rss/genel-0 HTTP/1.1" 200 279042 "-" "Mozilla/5.0 (Windows NT 10.0; Win64; x64) Newsly-RSS-Bot"
162.159.115.25 - - [07/Jul/2026:05:53:29 +0300] "GET /amp/cevre-sehircilik-ve-iklim-degisikligi-bakani-ozhaseki-hatayda-konustu-13822 HTTP/1.1" 200 64584 "-" "Mozilla/5.0 AppleWebKit/537.36 (KHTML, like Gecko; compatible; ClaudeBot/1.0; +claudebot@anthropic.com)"
172.69.251.132 - - [07/Jul/2026:05:53:29 +0300] "GET / HTTP/1.1" 200 113828 "-" "axios/1.6.7"
104.23.243.247 - - [07/Jul/2026:05:53:30 +0300] "GET /haber/ispartada-inis-takimlari-acilmayan-egitim-ucagi-govde-uzerinde-inis-yapti-21172 HTTP/1.1" 200 114788 "-" "Mozilla/5.0 AppleWebKit/537.36 (KHTML, like Gecko; compatible; ClaudeBot/1.0; +claudebot@anthropic.com)"
104.23.243.247 - - [07/Jul/2026:05:53:30 +0300] "GET /haber/osmaniyede-14-kacak-cep-telefonu-ele-gecirildi-9156 HTTP/1.1" 200 113062 "-" "Mozilla/5.0 AppleWebKit/537.36 (KHTML, like Gecko; compatible; ClaudeBot/1.0; +claudebot@anthropic.com)"
104.23.243.247 - - [07/Jul/2026:05:53:30 +0300] "GET /haber/osmaniye-il-emniyet-mudurlugunden-guvenlik-egitimi-22933 HTTP/1.1" 200 114676 "-" "Mozilla/5.0 AppleWebKit/537.36 (KHTML, like Gecko; compatible; ClaudeBot/1.0; +claudebot@anthropic.com)"
104.23.243.247 - - [07/Jul/2026:05:53:30 +0300] "GET /haber/vali-yilmaz-sumbasta-koronavirus-denetimi-yapti-6368 HTTP/1.1" 200 113659 "-" "Mozilla/5.0 AppleWebKit/537.36 (KHTML, like Gecko; compatible; ClaudeBot/1.0; +claudebot@anthropic.com)"
104.23.243.247 - - [07/Jul/2026:05:53:31 +0300] "GET /haber/depremde-ozveriyle-calisan-kurum-personeli-odullendirildi-9039 HTTP/1.1" 200 114064 "-" "Mozilla/5.0 AppleWebKit/537.36 (KHTML, like Gecko; compatible; ClaudeBot/1.0; +claudebot@anthropic.com)"
104.23.243.247 - - [07/Jul/2026:05:53:31 +0300] "GET /haber/rektor-uzundan-turan-ortaokuluna-ziyaret-6852 HTTP/1.1" 200 112406 "-" "Mozilla/5.0 AppleWebKit/537.36 (KHTML, like Gecko; compatible; ClaudeBot/1.0; +claudebot@anthropic.com)"
104.23.243.247 - - [07/Jul/2026:05:53:31 +0300] "GET /haber/kozanda-canli-hayvan-pazarinin-yapimi-suruyor-11724 HTTP/1.1" 200 113033 "-" "Mozilla/5.0 AppleWebKit/537.36 (KHTML, like Gecko; compatible; ClaudeBot/1.0; +claudebot@anthropic.com)"
104.23.243.247 - - [07/Jul/2026:05:53:31 +0300] "GET /haber/anamurda-gazze-yararina-kermes-duzenlendi-21583 HTTP/1.1" 200 112639 "-" "Mozilla/5.0 AppleWebKit/537.36 (KHTML, like Gecko; compatible; ClaudeBot/1.0; +claudebot@anthropic.com)"
104.23.243.247 - - [07/Jul/2026:05:53:31 +0300] "GET /haber/adanada-3-milyon-395-bin-lira-degerinde-kacak-urun-ele-gecirildi-10091 HTTP/1.1" 200 113744 "-" "Mozilla/5.0 AppleWebKit/537.36 (KHTML, like Gecko; compatible; ClaudeBot/1.0; +claudebot@anthropic.com)"
104.23.243.247 - - [07/Jul/2026:05:53:31 +0300] "GET /haber/hatayda-basari-oykuleri-ve-kariyer-planlamasi-etkinligi-14740 HTTP/1.1" 200 114058 "-" "Mozilla/5.0 AppleWebKit/537.36 (KHTML, like Gecko; compatible; ClaudeBot/1.0; +claudebot@anthropic.com)"
104.23.243.247 - - [07/Jul/2026:05:53:31 +0300] "GET /haber/bahcede-fiskiyeli-havuz-yeniden-hizmette-16917 HTTP/1.1" 200 114876 "-" "Mozilla/5.0 AppleWebKit/537.36 (KHTML, like Gecko; compatible; ClaudeBot/1.0; +claudebot@anthropic.com)"
104.23.243.247 - - [07/Jul/2026:05:53:31 +0300] "GET /haber/burdurdaki-trafik-kazalarinda-5-kisi-yaralandi-13877 HTTP/1.1" 200 113011 "-" "Mozilla/5.0 AppleWebKit/537.36 (KHTML, like Gecko; compatible; ClaudeBot/1.0; +claudebot@anthropic.com)"
104.23.243.247 - - [07/Jul/2026:05:53:31 +0300] "GET /haber/mersinde-78-yasindaki-kisi-dolandirilmaktan-son-anda-kurtuldu-10802 HTTP/1.1" 200 113650 "-" "Mozilla/5.0 AppleWebKit/537.36 (KHTML, like Gecko; compatible; ClaudeBot/1.0; +claudebot@anthropic.com)"
104.23.243.247 - - [07/Jul/2026:05:53:32 +0300] "GET /haber/genc-hemsire-kundakci-hastaliga-yenik-dustu-9588 HTTP/1.1" 200 112492 "-" "Mozilla/5.0 AppleWebKit/537.36 (KHTML, like Gecko; compatible; ClaudeBot/1.0; +claudebot@anthropic.com)"
104.23.243.247 - - [07/Jul/2026:05:53:32 +0300] "GET /haber/aladagda-lgsde-dereceye-giren-ogrenciler-odullendirildi-16079 HTTP/1.1" 200 113742 "-" "Mozilla/5.0 AppleWebKit/537.36 (KHTML, like Gecko; compatible; ClaudeBot/1.0; +claudebot@anthropic.com)"
104.23.243.247 - - [07/Jul/2026:05:53:32 +0300] "GET /haber/iskur-okude-isverenlere-genclerle-bulusturdu-7549 HTTP/1.1" 200 113630 "-" "Mozilla/5.0 AppleWebKit/537.36 (KHTML, like Gecko; compatible; ClaudeBot/1.0; +claudebot@anthropic.com)"
104.23.243.247 - - [07/Jul/2026:05:53:32 +0300] "GET /haber/adanada-asayis-ve-guvenlik-toplantisi-yapildi-19878 HTTP/1.1" 200 116995 "-" "Mozilla/5.0 AppleWebKit/537.36 (KHTML, like Gecko; compatible; ClaudeBot/1.0; +claudebot@anthropic.com)"
104.23.243.247 - - [07/Jul/2026:05:53:32 +0300] "GET /haber/osmaniyede-minik-ogrenciler-fidan-dikti-23197 HTTP/1.1" 200 114544 "-" "Mozilla/5.0 AppleWebKit/537.36 (KHTML, like Gecko; compatible; ClaudeBot/1.0; +claudebot@anthropic.com)"
104.23.243.247 - - [07/Jul/2026:05:53:32 +0300] "GET /haber/alanyada-cikan-orman-yangini-kontrol-altina-alindi-19659 HTTP/1.1" 200 113397 "-" "Mozilla/5.0 AppleWebKit/537.36 (KHTML, like Gecko; compatible; ClaudeBot/1.0; +claudebot@anthropic.com)"
104.23.243.247 - - [07/Jul/2026:05:53:32 +0300] "GET /haber/altindag-belediye-baskani-balci-ilk-iftarini-osmaniyede-yapti-8775 HTTP/1.1" 200 114200 "-" "Mozilla/5.0 AppleWebKit/537.36 (KHTML, like Gecko; compatible; ClaudeBot/1.0; +claudebot@anthropic.com)"
104.23.243.247 - - [07/Jul/2026:05:53:32 +0300] "GET /haber/hatayda-depremzede-ogrencilere-kiyafet-ve-oyuncak-yardimi-10559 HTTP/1.1" 200 113619 "-" "Mozilla/5.0 AppleWebKit/537.36 (KHTML, like Gecko; compatible; ClaudeBot/1.0; +claudebot@anthropic.com)"
104.23.243.247 - - [07/Jul/2026:05:53:32 +0300] "GET /haber/chp-osmaniye-kongresinde-unal-ve-ozener-yaristi-25150 HTTP/1.1" 200 114933 "-" "Mozilla/5.0 AppleWebKit/537.36 (KHTML, like Gecko; compatible; ClaudeBot/1.0; +claudebot@anthropic.com)"
104.23.243.247 - - [07/Jul/2026:05:53:33 +0300] "GET /haber/osmaniyede-sulak-alan-cop-yiginina-donustu-24145 HTTP/1.1" 200 115251 "-" "Mozilla/5.0 AppleWebKit/537.36 (KHTML, like Gecko; compatible; ClaudeBot/1.0; +claudebot@anthropic.com)"
104.23.243.247 - - [07/Jul/2026:05:53:33 +0300] "GET /haber/osmaniye-ea-hastanesinde-aksam-saatlerinde-muayene-imkani-26876 HTTP/1.1" 200 113952 "-" "Mozilla/5.0 AppleWebKit/537.36 (KHTML, like Gecko; compatible; ClaudeBot/1.0; +claudebot@anthropic.com)"
104.23.243.247 - - [07/Jul/2026:05:53:33 +0300] "GET /haber/vali-erdinc-yilmaz-20-ocakta-osmaniyeden-ugurlanacak-26201 HTTP/1.1" 200 113886 "-" "Mozilla/5.0 AppleWebKit/537.36 (KHTML, like Gecko; compatible; ClaudeBot/1.0; +claudebot@anthropic.com)"
104.23.243.247 - - [07/Jul/2026:05:53:33 +0300] "GET /haber/osmaniyede-ciftcilere-cks-uyarisi-son-tarih-25-eylul-24996 HTTP/1.1" 200 114640 "-" "Mozilla/5.0 AppleWebKit/537.36 (KHTML, like Gecko; compatible; ClaudeBot/1.0; +claudebot@anthropic.com)"
104.23.243.247 - - [07/Jul/2026:05:53:33 +0300] "GET /haber/osmaniyede-son-52-yilin-en-kurak-donemi-25555 HTTP/1.1" 200 114466 "-" "Mozilla/5.0 AppleWebKit/537.36 (KHTML, like Gecko; compatible; ClaudeBot/1.0; +claudebot@anthropic.com)"
104.23.243.247 - - [07/Jul/2026:05:53:33 +0300] "GET /haber/osmaniyede-1-mayis-kutlamalari-coskuyla-gerceklesti-26870 HTTP/1.1" 200 114108 "-" "Mozilla/5.0 AppleWebKit/537.36 (KHTML, like Gecko; compatible; ClaudeBot/1.0; +claudebot@anthropic.com)"
104.23.243.247 - - [07/Jul/2026:05:53:33 +0300] "GET /haber/osmaniyede-firari-zanli-yakalandi-24911 HTTP/1.1" 200 112910 "-" "Mozilla/5.0 AppleWebKit/537.36 (KHTML, like Gecko; compatible; ClaudeBot/1.0; +claudebot@anthropic.com)"
104.23.243.247 - - [07/Jul/2026:05:53:33 +0300] "GET /haber/osmaniye-7-ocak-veteranlar-zirvede-liderlik-devam-ediyor-25897 HTTP/1.1" 200 114408 "-" "Mozilla/5.0 AppleWebKit/537.36 (KHTML, like Gecko; compatible; ClaudeBot/1.0; +claudebot@anthropic.com)"
104.23.243.247 - - [07/Jul/2026:05:53:33 +0300] "GET /haber/osmaniyeden-iki-takim-teknofest-2025-istanbul-finalinde-24809 HTTP/1.1" 200 116310 "-" "Mozilla/5.0 AppleWebKit/537.36 (KHTML, like Gecko; compatible; ClaudeBot/1.0; +claudebot@anthropic.com)"
104.23.243.247 - - [07/Jul/2026:05:53:33 +0300] "GET /haber/osmaniyeye-4-yeni-otobusle-ulasim-gucleniyor-26871 HTTP/1.1" 200 113625 "-" "Mozilla/5.0 AppleWebKit/537.36 (KHTML, like Gecko; compatible; ClaudeBot/1.0; +claudebot@anthropic.com)"
104.23.243.247 - - [07/Jul/2026:05:53:34 +0300] "GET /haber/kadirli-kadin-bulusmalari-koylerde-ilgi-goruyor-23787 HTTP/1.1" 200 114991 "-" "Mozilla/5.0 AppleWebKit/537.36 (KHTML, like Gecko; compatible; ClaudeBot/1.0; +claudebot@anthropic.com)"
104.23.243.247 - - [07/Jul/2026:05:53:34 +0300] "GET /haber/vali-mehmet-fatih-serdengectiden-bayrak-saldirisina-kinama-26254 HTTP/1.1" 200 114387 "-" "Mozilla/5.0 AppleWebKit/537.36 (KHTML, like Gecko; compatible; ClaudeBot/1.0; +claudebot@anthropic.com)"
104.23.243.247 - - [07/Jul/2026:05:53:34 +0300] "GET /haber/osmaniyede-kuvvetli-yagis-uyarisi-26812 HTTP/1.1" 200 114025 "-" "Mozilla/5.0 AppleWebKit/537.36 (KHTML, like Gecko; compatible; ClaudeBot/1.0; +claudebot@anthropic.com)"
104.23.243.247 - - [07/Jul/2026:05:53:34 +0300] "GET /haber/rehber-ogretmenler-seminerde-bir-araya-geldi-9812 HTTP/1.1" 200 114745 "-" "Mozilla/5.0 AppleWebKit/537.36 (KHTML, like Gecko; compatible; ClaudeBot/1.0; +claudebot@anthropic.com)"
104.23.243.247 - - [07/Jul/2026:05:53:32 +0300] "GET /haber/osmaniyeli-akademisyen-aybala-usta-hayatini-kaybetti-25086 HTTP/1.1" 200 113597 "-" "Mozilla/5.0 AppleWebKit/537.36 (KHTML, like Gecko; compatible; ClaudeBot/1.0; +claudebot@anthropic.com)"
104.23.243.247 - - [07/Jul/2026:05:53:34 +0300] "GET /haber/vali-yilmaz-ogretmenler-gununu-kutladi-6225 HTTP/1.1" 200 113815 "-" "Mozilla/5.0 AppleWebKit/537.36 (KHTML, like Gecko; compatible; ClaudeBot/1.0; +claudebot@anthropic.com)"
104.23.243.247 - - [07/Jul/2026:05:53:34 +0300] "GET /haber/osmaniyede-deas-operasyonu-2-supheli-tutuklandi-25310 HTTP/1.1" 200 114013 "-" "Mozilla/5.0 AppleWebKit/537.36 (KHTML, like Gecko; compatible; ClaudeBot/1.0; +claudebot@anthropic.com)"
104.23.243.247 - - [07/Jul/2026:05:53:34 +0300] "GET /haber/yogun-bakim-hemsireligi-sertifikasyon-egitimi-basvurulari-basladi-24821 HTTP/1.1" 200 114601 "-" "Mozilla/5.0 AppleWebKit/537.36 (KHTML, like Gecko; compatible; ClaudeBot/1.0; +claudebot@anthropic.com)"
104.23.243.247 - - [07/Jul/2026:05:53:34 +0300] "GET /haber/derya-yaniktan-ak-partinin-23-yilina-ozel-mesaj-25491 HTTP/1.1" 200 115717 "-" "Mozilla/5.0 AppleWebKit/537.36 (KHTML, like Gecko; compatible; ClaudeBot/1.0; +claudebot@anthropic.com)"
104.23.243.247 - - [07/Jul/2026:05:53:34 +0300] "GET /haber/osmaniyeli-gencler-akdenizde-sanat-basarisiyla-one-cikti-25041 HTTP/1.1" 200 115723 "-" "Mozilla/5.0 AppleWebKit/537.36 (KHTML, like Gecko; compatible; ClaudeBot/1.0; +claudebot@anthropic.com)"
104.23.243.247 - - [07/Jul/2026:05:53:34 +0300] "GET /haber/toprakkalede-adem-kursiyerlerine-terorle-mucadele-egitimi-verildi-25732 HTTP/1.1" 200 115568 "-" "Mozilla/5.0 AppleWebKit/537.36 (KHTML, like Gecko; compatible; ClaudeBot/1.0; +claudebot@anthropic.com)"
104.23.243.247 - - [07/Jul/2026:05:53:35 +0300] "GET /haber/osmaniyede-tarla-kontrolleri-ve-ciftcilere-teknik-bilgilendirme-26710 HTTP/1.1" 200 115476 "-" "Mozilla/5.0 AppleWebKit/537.36 (KHTML, like Gecko; compatible; ClaudeBot/1.0; +claudebot@anthropic.com)"
172.70.42.61 - - [07/Jul/2026:05:53:35 +0300] "GET / HTTP/1.1" 200 112766 "-" "Mozilla/5.0      (Macintosh; Intel Mac OS X 10_15_7) AppleWebKit/537.36 (KHTML, like Gecko) Chrome/134.0.0.0 Safari/537.36"
104.23.243.247 - - [07/Jul/2026:05:53:35 +0300] "GET /haber/osmaniye-merkezli-3-ilde-torbaci-operasyonunda-18-tutuklu-6214 HTTP/1.1" 200 113522 "-" "Mozilla/5.0 AppleWebKit/537.36 (KHTML, like Gecko; compatible; ClaudeBot/1.0; +claudebot@anthropic.com)"
104.23.243.247 - - [07/Jul/2026:05:53:35 +0300] "GET /haber/cocuklar-icin-eglenceli-terlik-modelleri-muyada-17364 HTTP/1.1" 200 119113 "-" "Mozilla/5.0 AppleWebKit/537.36 (KHTML, like Gecko; compatible; ClaudeBot/1.0; +claudebot@anthropic.com)"
104.23.243.247 - - [07/Jul/2026:05:53:35 +0300] "GET /haber/1-anadolu-opera-ve-bale-festivali-hatay-turnesiyle-sona-erecek-21620 HTTP/1.1" 302 3411 "-" "Mozilla/5.0 AppleWebKit/537.36 (KHTML, like Gecko; compatible; ClaudeBot/1.0; +claudebot@anthropic.com)"
104.23.243.247 - - [07/Jul/2026:05:53:35 +0300] "GET /haber/osmaniyede-evlilige-ilk-adim-seminerleri-basliyor-25767 HTTP/1.1" 200 114725 "-" "Mozilla/5.0 AppleWebKit/537.36 (KHTML, like Gecko; compatible; ClaudeBot/1.0; +claudebot@anthropic.com)"
104.23.243.247 - - [07/Jul/2026:05:53:35 +0300] "GET /haber/osmaniyeden-ayrilan-saglik-muduru-personele-veda-etti-23732 HTTP/1.1" 200 115772 "-" "Mozilla/5.0 AppleWebKit/537.36 (KHTML, like Gecko; compatible; ClaudeBot/1.0; +claudebot@anthropic.com)"
104.23.243.247 - - [07/Jul/2026:05:53:35 +0300] "GET /404 HTTP/1.1" 302 3389 "https://haberosmaniye.com/haber/1-anadolu-opera-ve-bale-festivali-hatay-turnesiyle-sona-erecek-21620" "Mozilla/5.0 AppleWebKit/537.36 (KHTML, like Gecko; compatible; ClaudeBot/1.0; +claudebot@anthropic.com)"
104.23.243.247 - - [07/Jul/2026:05:53:35 +0300] "GET /haber/kadirlide-turp-uretimi-masaya-yatirildi-24916 HTTP/1.1" 200 115170 "-" "Mozilla/5.0 AppleWebKit/537.36 (KHTML, like Gecko; compatible; ClaudeBot/1.0; +claudebot@anthropic.com)"
172.70.135.202 - - [07/Jul/2026:05:53:36 +0300] "GET /assets/frontend/tema8/css/home.css?v=2.7 HTTP/1.1" 200 9325 "https://haberosmaniye.com/" "Mozilla/5.0      (Macintosh; Intel Mac OS X 10_15_7) AppleWebKit/537.36 (KHTML, like Gecko) Chrome/134.0.0.0 Safari/537.36"
104.23.243.247 - - [07/Jul/2026:05:53:35 +0300] "GET /haber/osmaniyede-kirsal-kalkinma-toplantisi-yapildi-25331 HTTP/1.1" 200 113725 "-" "Mozilla/5.0 AppleWebKit/537.36 (KHTML, like Gecko; compatible; ClaudeBot/1.0; +claudebot@anthropic.com)"
104.23.243.247 - - [07/Jul/2026:05:53:35 +0300] "GET /haber/baskan-ozturkten-kuluplere-dijital-sistem-uyarisi-25567 HTTP/1.1" 200 114677 "-" "Mozilla/5.0 AppleWebKit/537.36 (KHTML, like Gecko; compatible; ClaudeBot/1.0; +claudebot@anthropic.com)"
172.70.135.86 - - [07/Jul/2026:05:53:35 +0300] "GET /haber/vali-yilmazdan-sehit-astsubay-ufuk-akinci-icin-taziye-mesaji-22494 HTTP/1.1" 200 115073 "-" "Mozilla/5.0 (compatible; SemrushBot/7~bl; +http://www.semrush.com/bot.html)"
104.23.243.247 - - [07/Jul/2026:05:53:36 +0300] "GET /haber/genclerden-seyhler-camiinde-temizlik-ve-iyilik-mesaisi-23649 HTTP/1.1" 200 115073 "-" "Mozilla/5.0 AppleWebKit/537.36 (KHTML, like Gecko; compatible; ClaudeBot/1.0; +claudebot@anthropic.com)"
104.23.243.247 - - [07/Jul/2026:05:53:36 +0300] "GET /haber/kadirli-vefat-edenler-19-kasim-2025-25649 HTTP/1.1" 200 113590 "-" "Mozilla/5.0 AppleWebKit/537.36 (KHTML, like Gecko; compatible; ClaudeBot/1.0; +claudebot@anthropic.com)"
104.23.243.247 - - [07/Jul/2026:05:53:36 +0300] "GET /haber/ka-vak-odul-yarismasi-duzenleniyor-basvurular-basladi-25983 HTTP/1.1" 200 117380 "-" "Mozilla/5.0 AppleWebKit/537.36 (KHTML, like Gecko; compatible; ClaudeBot/1.0; +claudebot@anthropic.com)"
104.23.243.247 - - [07/Jul/2026:05:53:36 +0300] "GET /haber/bahceliden-prof-dr-ilber-ortayli-icin-taziye-mesaji-26745 HTTP/1.1" 200 114852 "-" "Mozilla/5.0 AppleWebKit/537.36 (KHTML, like Gecko; compatible; ClaudeBot/1.0; +claudebot@anthropic.com)"
104.23.243.247 - - [07/Jul/2026:05:53:36 +0300] "GET /haber/chpli-asu-kaya-gedik-osmaniyede-sahada-26306 HTTP/1.1" 200 115801 "-" "Mozilla/5.0 AppleWebKit/537.36 (KHTML, like Gecko; compatible; ClaudeBot/1.0; +claudebot@anthropic.com)"
172.70.135.86 - - [07/Jul/2026:05:53:36 +0300] "OPTIONS /hava-durumu/ajax?sehir_isim=80 HTTP/1.1" 200 2362 "https://haberosmaniye.com/" "Mozilla/5.0      (Macintosh; Intel Mac OS X 10_15_7) AppleWebKit/537.36 (KHTML, like Gecko) Chrome/134.0.0.0 Safari/537.36"
172.70.43.209 - - [07/Jul/2026:05:53:36 +0300] "GET /images/haberler/2026/07/iyi-parti-osmaniye-teskilati-cotlu-koyunde-vatandaslarla-bulustu-y-1783345242.jpg HTTP/1.1" 200 126626 "https://haberosmaniye.com/" "Mozilla/5.0      (Macintosh; Intel Mac OS X 10_15_7) AppleWebKit/537.36 (KHTML, like Gecko) Chrome/134.0.0.0 Safari/537.36"
104.23.243.247 - - [07/Jul/2026:05:53:36 +0300] "GET /haber/kaymakam-erdinc-dolu-kitap-oku-etkinligine-katildi-23833 HTTP/1.1" 200 115024 "-" "Mozilla/5.0 AppleWebKit/537.36 (KHTML, like Gecko; compatible; ClaudeBot/1.0; +claudebot@anthropic.com)"
104.23.243.247 - - [07/Jul/2026:05:53:36 +0300] "GET /haber/odaktan-aladaglarda-basari-dolu-zirve-tirmanisi-24368 HTTP/1.1" 200 114496 "-" "Mozilla/5.0 AppleWebKit/537.36 (KHTML, like Gecko; compatible; ClaudeBot/1.0; +claudebot@anthropic.com)"
104.23.243.247 - - [07/Jul/2026:05:53:36 +0300] "GET /haber/zorkun-yaylasinda-cocuklarin-bayrami-basliyor-24581 HTTP/1.1" 200 115453 "-" "Mozilla/5.0 AppleWebKit/537.36 (KHTML, like Gecko; compatible; ClaudeBot/1.0; +claudebot@anthropic.com)"
104.23.243.247 - - [07/Jul/2026:05:53:36 +0300] "GET /haber/devlet-bahceliden-osmaniye-ziyareti-sonrasi-ozgur-ozele-telefon-26367 HTTP/1.1" 200 115326 "-" "Mozilla/5.0 AppleWebKit/537.36 (KHTML, like Gecko; compatible; ClaudeBot/1.0; +claudebot@anthropic.com)"
104.23.243.247 - - [07/Jul/2026:05:53:36 +0300] "GET /haber/vali-yilmazdan-karacaorende-yangin-sonrasi-inceleme-24308 HTTP/1.1" 200 114955 "-" "Mozilla/5.0 AppleWebKit/537.36 (KHTML, like Gecko; compatible; ClaudeBot/1.0; +claudebot@anthropic.com)"
104.23.243.247 - - [07/Jul/2026:05:53:37 +0300] "GET /haber/antalyada-isitme-engelli-ogrencilere-afet-farkindalik-egitimi-19454 HTTP/1.1" 200 113979 "-" "Mozilla/5.0 AppleWebKit/537.36 (KHTML, like Gecko; compatible; ClaudeBot/1.0; +claudebot@anthropic.com)"
104.23.243.247 - - [07/Jul/2026:05:53:37 +0300] "GET /haber/alanyada-minibusle-carpisan-otomobildeki-genc-surucu-oldu-18177 HTTP/1.1" 200 114072 "-" "Mozilla/5.0 AppleWebKit/537.36 (KHTML, like Gecko; compatible; ClaudeBot/1.0; +claudebot@anthropic.com)"
104.23.243.247 - - [07/Jul/2026:05:53:37 +0300] "GET /haber/6-ciftci-icin-hibe-destekli-cilek-bahcesi-kuruldu-8145 HTTP/1.1" 200 113430 "-" "Mozilla/5.0 AppleWebKit/537.36 (KHTML, like Gecko; compatible; ClaudeBot/1.0; +claudebot@anthropic.com)"
104.23.243.247 - - [07/Jul/2026:05:53:37 +0300] "GET /haber/toprakkalede-abarti-egzoz-kullananlara-para-cezasi-25812 HTTP/1.1" 200 114215 "-" "Mozilla/5.0 AppleWebKit/537.36 (KHTML, like Gecko; compatible; ClaudeBot/1.0; +claudebot@anthropic.com)"
172.69.222.238 - - [07/Jul/2026:05:53:38 +0300] "GET /amp/md-grup-osmaniyesporun-rakipleri-belli-oldu-27011 HTTP/1.1" 200 59011 "-" "Mozilla/5.0 (compatible; Barkrowler/0.9; +https://babbar.tech/crawler)"
104.23.175.101 - - [07/Jul/2026:05:53:42 +0300] "GET /public/etiketler/aysel-kilinc-haberleri HTTP/1.1" 200 47153 "-" "Mozilla/5.0 (Linux; Android 6.0; Nexus 5 Build/MRA58N) AppleWebKit/537.36 (KHTML, like Gecko) Chrome/65.0.3325.181 Mobile Safari/537.36"
104.22.100.78 - - [07/Jul/2026:05:53:43 +0300] "GET /haber/tuggeneral-okyardan-sehit-aileleri-dernegine-ziyaret-6215 HTTP/1.1" 200 115801 "-" "Mozilla/5.0 (compatible; SemrushBot/7~bl; +http://www.semrush.com/bot.html)"
104.22.101.14 - - [07/Jul/2026:05:53:43 +0300] "GET /haber/kumlucada-hasat-edilen-zeytinin-sikimina-baslandi-18791 HTTP/1.1" 200 114406 "-" "meta-externalagent/1.1 (+https://developers.facebook.com/docs/sharing/webmasters/crawler)"
104.22.104.48 - - [07/Jul/2026:05:53:47 +0300] "GET /firma-rehberi/yeni-pencere-42 HTTP/1.1" 200 61537 "-" "Mozilla/5.0 (iPhone; CPU iPhone OS 13_2_3 like Mac OS X) AppleWebKit/605.1.15 (KHTML, like Gecko) Version/13.0.3 Mobile/15E148 Safari/604.1"
172.71.184.31 - - [07/Jul/2026:05:53:52 +0300] "GET /public/images/detay/Ekran%20G%C3%B6r%C3%BCnt%C3%BCs%C3%BC%20(1280).png HTTP/1.1" 200 2396 "-" "Mozilla/5.0 (Linux; Android 11; SM-G960F; Build/RD2A.210726.42) AppleWebKit/537.36 (KHTML, like Gecko) Chrome/133.0.0.0 Mobile Safari/537.36"
172.71.126.166 - - [07/Jul/2026:05:53:53 +0300] "GET /amp/belediyenin-dis-cephesi-icin-anket-baslatildi-9112 HTTP/1.1" 200 59436 "-" "Mozilla/5.0 (compatible; Barkrowler/0.9; +https://babbar.tech/crawler)"
104.23.162.143 - - [07/Jul/2026:05:53:54 +0300] "GET //images/images/cache.php HTTP/1.1" 302 2781 "www.google.com" "Mozlila/5.0 (Linux; Android 7.0; SM-G892A Bulid/NRD90M; wv) AppleWebKit/537.36 (KHTML, like Gecko) Version/4.0 Chrome/60.0.3112.107 Moblie Safari/537.36"
172.70.230.127 - - [07/Jul/2026:05:53:54 +0300] "GET /images/haberler/2024/12/7-yil-1-ay-hapis-cezasi-bulunan-sahis-yakalandi-1733814085.jpg HTTP/1.1" 200 35490 "https://www.haberosmaniye.com/haber/7-yil-1-ay-hapis-cezasi-bulunan-sahis-yakalandi-21461" "Mozilla/5.0 (Macintosh; Intel Mac OS X 10_15_7) AppleWebKit/537.36 (KHTML, like Gecko) Chrome/131.0.0.0 Safari/537.36"
104.23.162.119 - - [07/Jul/2026:05:53:54 +0300] "GET /404 HTTP/1.1" 302 3391 "www.google.com" "Mozlila/5.0 (Linux; Android 7.0; SM-G892A Bulid/NRD90M; wv) AppleWebKit/537.36 (KHTML, like Gecko) Version/4.0 Chrome/60.0.3112.107 Moblie Safari/537.36"
104.23.162.143 - - [07/Jul/2026:05:53:55 +0300] "GET / HTTP/1.1" 200 112751 "www.google.com" "Mozlila/5.0 (Linux; Android 7.0; SM-G892A Bulid/NRD90M; wv) AppleWebKit/537.36 (KHTML, like Gecko) Version/4.0 Chrome/60.0.3112.107 Moblie Safari/537.36"
108.162.220.105 - - [07/Jul/2026:05:53:56 +0300] "GET //cgi-bin/cgi-bin/cgi-bin/cgi-bin/cache.php HTTP/1.1" 404 3110 "www.google.com" "Mozlila/5.0 (Linux; Android 7.0; SM-G892A Bulid/NRD90M; wv) AppleWebKit/537.36 (KHTML, like Gecko) Version/4.0 Chrome/60.0.3112.107 Moblie Safari/537.36"
104.23.162.143 - - [07/Jul/2026:05:53:58 +0300] "GET //images/images/images/images/images/images/images/images/cache.php HTTP/1.1" 302 2781 "www.google.com" "Mozlila/5.0 (Linux; Android 7.0; SM-G892A Bulid/NRD90M; wv) AppleWebKit/537.36 (KHTML, like Gecko) Version/4.0 Chrome/60.0.3112.107 Moblie Safari/537.36"
104.23.162.143 - - [07/Jul/2026:05:53:58 +0300] "GET /404 HTTP/1.1" 302 3391 "www.google.com" "Mozlila/5.0 (Linux; Android 7.0; SM-G892A Bulid/NRD90M; wv) AppleWebKit/537.36 (KHTML, like Gecko) Version/4.0 Chrome/60.0.3112.107 Moblie Safari/537.36"
104.23.162.143 - - [07/Jul/2026:05:53:58 +0300] "GET / HTTP/1.1" 200 112801 "www.google.com" "Mozlila/5.0 (Linux; Android 7.0; SM-G892A Bulid/NRD90M; wv) AppleWebKit/537.36 (KHTML, like Gecko) Version/4.0 Chrome/60.0.3112.107 Moblie Safari/537.36"
104.23.162.143 - - [07/Jul/2026:05:54:00 +0300] "GET //images/images/images/images/images/images/images/cache.php HTTP/1.1" 302 2781 "www.google.com" "Mozlila/5.0 (Linux; Android 7.0; SM-G892A Bulid/NRD90M; wv) AppleWebKit/537.36 (KHTML, like Gecko) Version/4.0 Chrome/60.0.3112.107 Moblie Safari/537.36"
104.23.162.143 - - [07/Jul/2026:05:54:00 +0300] "GET /404 HTTP/1.1" 302 3387 "www.google.com" "Mozlila/5.0 (Linux; Android 7.0; SM-G892A Bulid/NRD90M; wv) AppleWebKit/537.36 (KHTML, like Gecko) Version/4.0 Chrome/60.0.3112.107 Moblie Safari/537.36"
104.23.213.193 - - [07/Jul/2026:05:54:01 +0300] "GET /haber/depremzede-cocuklar-konteyner-sinemada-sosyallesiyor-11627 HTTP/1.1" 200 116150 "-" "Mozilla/5.0 (compatible; SemrushBot/7~bl; +http://www.semrush.com/bot.html)"
104.23.162.143 - - [07/Jul/2026:05:54:01 +0300] "GET / HTTP/1.1" 200 112775 "www.google.com" "Mozlila/5.0 (Linux; Android 7.0; SM-G892A Bulid/NRD90M; wv) AppleWebKit/537.36 (KHTML, like Gecko) Version/4.0 Chrome/60.0.3112.107 Moblie Safari/537.36"
104.23.162.143 - - [07/Jul/2026:05:54:04 +0300] "GET //images/images/images/images/images/images/cache.php HTTP/1.1" 302 2781 "www.google.com" "Mozlila/5.0 (Linux; Android 7.0; SM-G892A Bulid/NRD90M; wv) AppleWebKit/537.36 (KHTML, like Gecko) Version/4.0 Chrome/60.0.3112.107 Moblie Safari/537.36"
104.23.162.143 - - [07/Jul/2026:05:54:05 +0300] "GET /404 HTTP/1.1" 302 3391 "www.google.com" "Mozlila/5.0 (Linux; Android 7.0; SM-G892A Bulid/NRD90M; wv) AppleWebKit/537.36 (KHTML, like Gecko) Version/4.0 Chrome/60.0.3112.107 Moblie Safari/537.36"
104.23.162.143 - - [07/Jul/2026:05:54:05 +0300] "GET / HTTP/1.1" 200 112768 "www.google.com" "Mozlila/5.0 (Linux; Android 7.0; SM-G892A Bulid/NRD90M; wv) AppleWebKit/537.36 (KHTML, like Gecko) Version/4.0 Chrome/60.0.3112.107 Moblie Safari/537.36"
104.22.104.48 - - [07/Jul/2026:05:54:06 +0300] "GET /haber/mersin-buyuksehir-belediye-baskani-secer-yeni-projelerini-anlatti-11981 HTTP/1.1" 200 113780 "-" "meta-externalagent/1.1 (+https://developers.facebook.com/docs/sharing/webmasters/crawler)"
104.23.241.18 - - [07/Jul/2026:05:54:06 +0300] "GET /public/etiketler/gelecege-nefes-haberleri HTTP/1.1" 200 48309 "-" "Mozilla/5.0 (Linux; Android 6.0; Nexus 5 Build/MRA58N) AppleWebKit/537.36 (KHTML, like Gecko) Chrome/65.0.3325.181 Mobile Safari/537.36"
104.23.197.27 - - [07/Jul/2026:05:54:07 +0300] "GET /haber/ataturk-caddesinde-ikinci-etap-ta-calismalar-basladi-8801 HTTP/1.1" 200 112828 "-" "Mozilla/5.0 AppleWebKit/537.36 (KHTML, like Gecko; compatible; ClaudeBot/1.0; +claudebot@anthropic.com)"
172.68.50.198 - - [07/Jul/2026:05:54:07 +0300] "GET //images/images/images/images/images/cache.php HTTP/1.1" 302 2781 "www.google.com" "Mozlila/5.0 (Linux; Android 7.0; SM-G892A Bulid/NRD90M; wv) AppleWebKit/537.36 (KHTML, like Gecko) Version/4.0 Chrome/60.0.3112.107 Moblie Safari/537.36"
104.23.197.27 - - [07/Jul/2026:05:54:07 +0300] "GET /haber/davraz-kayak-merkezinde-kurtarma-tatbikati-yapildi-11018 HTTP/1.1" 200 113233 "-" "Mozilla/5.0 AppleWebKit/537.36 (KHTML, like Gecko; compatible; ClaudeBot/1.0; +claudebot@anthropic.com)"
104.23.197.27 - - [07/Jul/2026:05:54:07 +0300] "GET /haber/universite-ogrencilerine-vize-haftasinda-sicak-corba-ikrami-23508 HTTP/1.1" 200 114239 "-" "Mozilla/5.0 AppleWebKit/537.36 (KHTML, like Gecko; compatible; ClaudeBot/1.0; +claudebot@anthropic.com)"
104.23.197.26 - - [07/Jul/2026:05:54:07 +0300] "GET /haber/adim-adim-saglik-etkinligi-okude-basliyor-21208 HTTP/1.1" 200 114677 "-" "Mozilla/5.0 AppleWebKit/537.36 (KHTML, like Gecko; compatible; ClaudeBot/1.0; +claudebot@anthropic.com)"
104.23.211.202 - - [07/Jul/2026:05:54:07 +0300] "GET /haber/kadirlide-uretici-kadinlar-pazari-bugun-vatandaslarla-bulusuyor-22425 HTTP/1.1" 200 116434 "-" "Mozilla/5.0 (compatible; SemrushBot/7~bl; +http://www.semrush.com/bot.html)"
104.23.197.27 - - [07/Jul/2026:05:54:07 +0300] "GET /haber/mersinde-farkli-suclardan-aranan-79-supheli-yakalandi-16084 HTTP/1.1" 200 112199 "-" "Mozilla/5.0 AppleWebKit/537.36 (KHTML, like Gecko; compatible; ClaudeBot/1.0; +claudebot@anthropic.com)"
172.68.50.198 - - [07/Jul/2026:05:54:07 +0300] "GET /404 HTTP/1.1" 302 3387 "www.google.com" "Mozlila/5.0 (Linux; Android 7.0; SM-G892A Bulid/NRD90M; wv) AppleWebKit/537.36 (KHTML, like Gecko) Version/4.0 Chrome/60.0.3112.107 Moblie Safari/537.36"
104.23.197.27 - - [07/Jul/2026:05:54:07 +0300] "GET /haber/osmaniye-belediyesi-eski-baskani-kara-tutuklandi-21079 HTTP/1.1" 200 113728 "-" "Mozilla/5.0 AppleWebKit/537.36 (KHTML, like Gecko; compatible; ClaudeBot/1.0; +claudebot@anthropic.com)"
104.23.197.27 - - [07/Jul/2026:05:54:07 +0300] "GET /haber/adalet-bakani-tunc-yargi-teskilati-toplantisinda-konustu-20896 HTTP/1.1" 200 130367 "-" "Mozilla/5.0 AppleWebKit/537.36 (KHTML, like Gecko; compatible; ClaudeBot/1.0; +claudebot@anthropic.com)"
104.23.197.27 - - [07/Jul/2026:05:54:08 +0300] "GET /haber/adanada-bir-aile-yeni-aldigi-evde-cop-yiginiyla-karsilasti-17992 HTTP/1.1" 200 114090 "-" "Mozilla/5.0 AppleWebKit/537.36 (KHTML, like Gecko; compatible; ClaudeBot/1.0; +claudebot@anthropic.com)"
104.23.197.27 - - [07/Jul/2026:05:54:08 +0300] "GET /haber/ogrencilere-mujde-uniforma-masrafini-belediye-karsiliyor-24936 HTTP/1.1" 200 114770 "-" "Mozilla/5.0 AppleWebKit/537.36 (KHTML, like Gecko; compatible; ClaudeBot/1.0; +claudebot@anthropic.com)"
104.23.197.27 - - [07/Jul/2026:05:54:08 +0300] "GET /haber/universite-rektorleri-arasinda-isbirligi-protokolu-6216 HTTP/1.1" 200 113650 "-" "Mozilla/5.0 AppleWebKit/537.36 (KHTML, like Gecko; compatible; ClaudeBot/1.0; +claudebot@anthropic.com)"
172.68.211.126 - - [07/Jul/2026:05:54:08 +0300] "GET /public/images/tn/2024/11/vali-yilmaz-cennet-vatanimizi-yesille-bulusturuyoruz-1731394434.jpg HTTP/1.1" 200 2439 "https://www.haberosmaniye.com/public/etiketler/gelecege-nefes-haberleri" "Mozilla/5.0 (Linux; Android 6.0; Nexus 5 Build/MRA58N) AppleWebKit/537.36 (KHTML, like Gecko) Chrome/65.0.3325.181 Mobile Safari/537.36"
104.23.197.27 - - [07/Jul/2026:05:54:08 +0300] "GET /haber/osmaniyeli-milli-futbolcu-maca-damga-vurdu-26482 HTTP/1.1" 200 113623 "-" "Mozilla/5.0 AppleWebKit/537.36 (KHTML, like Gecko; compatible; ClaudeBot/1.0; +claudebot@anthropic.com)"
104.23.197.27 - - [07/Jul/2026:05:54:08 +0300] "GET /haber/Mersinde-tekstil-fabrikasinda-cikan-yangina-mudahale-ediliyor-20767 HTTP/1.1" 200 112754 "-" "Mozilla/5.0 AppleWebKit/537.36 (KHTML, like Gecko; compatible; ClaudeBot/1.0; +claudebot@anthropic.com)"
104.23.197.27 - - [07/Jul/2026:05:54:08 +0300] "GET /haber/osmaniyede-erken-teshis-sayesinde-kanseri-yendi-18138 HTTP/1.1" 200 115015 "-" "Mozilla/5.0 AppleWebKit/537.36 (KHTML, like Gecko; compatible; ClaudeBot/1.0; +claudebot@anthropic.com)"
104.23.197.27 - - [07/Jul/2026:05:54:08 +0300] "GET /haber/osmaniyede-cevreye-ates-acan-sahislar-tutuklandi-26238 HTTP/1.1" 200 114278 "-" "Mozilla/5.0 AppleWebKit/537.36 (KHTML, like Gecko; compatible; ClaudeBot/1.0; +claudebot@anthropic.com)"
104.23.197.27 - - [07/Jul/2026:05:54:08 +0300] "GET /haber/isaret-dili-egitimine-alan-saglik-personeline-sertifika-6258 HTTP/1.1" 200 113370 "-" "Mozilla/5.0 AppleWebKit/537.36 (KHTML, like Gecko; compatible; ClaudeBot/1.0; +claudebot@anthropic.com)"
172.71.122.42 - - [07/Jul/2026:05:54:09 +0300] "GET /amp/kastabala-kazisinda-kabartma-masklar-bulundu-6585 HTTP/1.1" 200 61784 "-" "Mozilla/5.0 (compatible; Barkrowler/0.9; +https://babbar.tech/crawler)"
104.23.197.27 - - [07/Jul/2026:05:54:08 +0300] "GET /haber/minik-taekwondocular-zafer-kupasi-icin-mucadele-etti-9288 HTTP/1.1" 200 114974 "-" "Mozilla/5.0 AppleWebKit/537.36 (KHTML, like Gecko; compatible; ClaudeBot/1.0; +claudebot@anthropic.com)"
172.68.50.198 - - [07/Jul/2026:05:54:08 +0300] "GET / HTTP/1.1" 200 112749 "www.google.com" "Mozlila/5.0 (Linux; Android 7.0; SM-G892A Bulid/NRD90M; wv) AppleWebKit/537.36 (KHTML, like Gecko) Version/4.0 Chrome/60.0.3112.107 Moblie Safari/537.36"
104.23.197.27 - - [07/Jul/2026:05:54:09 +0300] "GET /haber/osmaniyeden-intihara-karsi-harekete-gecme-cagrisi-18181 HTTP/1.1" 200 115069 "-" "Mozilla/5.0 AppleWebKit/537.36 (KHTML, like Gecko; compatible; ClaudeBot/1.0; +claudebot@anthropic.com)"
104.23.197.27 - - [07/Jul/2026:05:54:09 +0300] "GET /haber/il-muduru-torun-ve-baskan-cenet-osmaniye-turizmini-konustu-13198 HTTP/1.1" 200 113723 "-" "Mozilla/5.0 AppleWebKit/537.36 (KHTML, like Gecko; compatible; ClaudeBot/1.0; +claudebot@anthropic.com)"
104.23.197.27 - - [07/Jul/2026:05:54:09 +0300] "GET /haber/kaymakam-ilhan-muhtarlarla-bir-araya-geldi-8175 HTTP/1.1" 200 113959 "-" "Mozilla/5.0 AppleWebKit/537.36 (KHTML, like Gecko; compatible; ClaudeBot/1.0; +claudebot@anthropic.com)"
104.23.197.27 - - [07/Jul/2026:05:54:09 +0300] "GET /haber/ask-ile-calisacagiz-diyen-baskan-cenet-hedefleri-acikladi-23547 HTTP/1.1" 200 114620 "-" "Mozilla/5.0 AppleWebKit/537.36 (KHTML, like Gecko; compatible; ClaudeBot/1.0; +claudebot@anthropic.com)"
104.23.197.27 - - [07/Jul/2026:05:54:09 +0300] "GET /haber/chpli-kaya-dil-bayrami-kutlamalarina-katildi-18847 HTTP/1.1" 200 114050 "-" "Mozilla/5.0 AppleWebKit/537.36 (KHTML, like Gecko; compatible; ClaudeBot/1.0; +claudebot@anthropic.com)"
104.23.197.27 - - [07/Jul/2026:05:54:09 +0300] "GET /haber/ak-parti-genel-baskan-yardimcisi-nihat-zeybekci-burdurda-konustu-12624 HTTP/1.1" 200 115750 "-" "Mozilla/5.0 AppleWebKit/537.36 (KHTML, like Gecko; compatible; ClaudeBot/1.0; +claudebot@anthropic.com)"
104.23.197.27 - - [07/Jul/2026:05:54:09 +0300] "GET /haber/mersinde-tirin-carptigi-otomobildeki-1-kisi-yaralandi-21184 HTTP/1.1" 200 113060 "-" "Mozilla/5.0 AppleWebKit/537.36 (KHTML, like Gecko; compatible; ClaudeBot/1.0; +claudebot@anthropic.com)"
104.23.197.27 - - [07/Jul/2026:05:54:09 +0300] "GET /haber/kutbodan-ogrencilere-ayakkabi-yardimi-yapildi-19543 HTTP/1.1" 200 113742 "-" "Mozilla/5.0 AppleWebKit/537.36 (KHTML, like Gecko; compatible; ClaudeBot/1.0; +claudebot@anthropic.com)"
104.22.104.176 - - [07/Jul/2026:05:54:09 +0300] "GET /haber/osyad-19-kurulus-yildonumunu-turku-ve-siirlerle-kutladi-9061 HTTP/1.1" 200 116034 "-" "Mozilla/5.0 (compatible; Pinterestbot/1.0; +http://www.pinterest.com/bot.html)"
104.23.197.27 - - [07/Jul/2026:05:54:09 +0300] "GET /haber/ak-parti-genel-baskan-yardimcisi-yilmaz-adanada-konustu-13669 HTTP/1.1" 200 116796 "-" "Mozilla/5.0 AppleWebKit/537.36 (KHTML, like Gecko; compatible; ClaudeBot/1.0; +claudebot@anthropic.com)"
104.23.197.27 - - [07/Jul/2026:05:54:09 +0300] "GET /haber/Kozanda-gollere-443-bin-sazan-yavrusu-birakildi-15988 HTTP/1.1" 200 111481 "-" "Mozilla/5.0 AppleWebKit/537.36 (KHTML, like Gecko; compatible; ClaudeBot/1.0; +claudebot@anthropic.com)"
104.23.197.27 - - [07/Jul/2026:05:54:10 +0300] "GET /haber/kanalizasyondan-cikanlar-ekipleri-sok-etti-9109 HTTP/1.1" 200 114883 "-" "Mozilla/5.0 AppleWebKit/537.36 (KHTML, like Gecko; compatible; ClaudeBot/1.0; +claudebot@anthropic.com)"
104.23.197.27 - - [07/Jul/2026:05:54:10 +0300] "GET /haber/mersinde-hurdalikta-cikan-yanginda-bir-cocuk-oldu-12961 HTTP/1.1" 200 113491 "-" "Mozilla/5.0 AppleWebKit/537.36 (KHTML, like Gecko; compatible; ClaudeBot/1.0; +claudebot@anthropic.com)"
104.23.197.27 - - [07/Jul/2026:05:54:10 +0300] "GET /haber/afsinde-yeni-polis-araclari-torenle-hizmete-alindi-21737 HTTP/1.1" 200 114206 "-" "Mozilla/5.0 AppleWebKit/537.36 (KHTML, like Gecko; compatible; ClaudeBot/1.0; +claudebot@anthropic.com)"
104.23.197.27 - - [07/Jul/2026:05:54:10 +0300] "GET /haber/adanada-15-temmuz-fotograf-sergisi-acildi-15939 HTTP/1.1" 200 114071 "-" "Mozilla/5.0 AppleWebKit/537.36 (KHTML, like Gecko; compatible; ClaudeBot/1.0; +claudebot@anthropic.com)"
104.23.197.27 - - [07/Jul/2026:05:54:10 +0300] "GET /haber/mhp-ilce-baskani-ozdokur-cgcyi-ziyaret-etti-7496 HTTP/1.1" 200 114005 "-" "Mozilla/5.0 AppleWebKit/537.36 (KHTML, like Gecko; compatible; ClaudeBot/1.0; +claudebot@anthropic.com)"
104.23.197.27 - - [07/Jul/2026:05:54:10 +0300] "GET /haber/emniyetten-universitelilere-siber-guvenlik-egitimi-9343 HTTP/1.1" 200 113936 "-" "Mozilla/5.0 AppleWebKit/537.36 (KHTML, like Gecko; compatible; ClaudeBot/1.0; +claudebot@anthropic.com)"
104.23.197.27 - - [07/Jul/2026:05:54:10 +0300] "GET /haber/jandarma-buyukbas-hayvan-hirsizlarini-yakaladi-9325 HTTP/1.1" 200 113182 "-" "Mozilla/5.0 AppleWebKit/537.36 (KHTML, like Gecko; compatible; ClaudeBot/1.0; +claudebot@anthropic.com)"
